{"id":481,"date":"2022-09-05T13:15:25","date_gmt":"2022-09-05T11:15:25","guid":{"rendered":"https:\/\/dieteticiennemaevazambon.wordpress.com\/?page_id=481"},"modified":"2023-08-20T00:57:43","modified_gmt":"2023-08-20T00:57:43","slug":"cotes-dagneau-au-thym","status":"publish","type":"page","link":"https:\/\/xn--maeva-zambon-ditticienne-pfcb.fr\/index.php\/cotes-dagneau-au-thym\/","title":{"rendered":"C\u00f4tes d&#8217;agneau au thym"},"content":{"rendered":"\n<div style=\"height:100px\" aria-hidden=\"true\" class=\"wp-block-spacer\"><\/div>\n\n\n\n<p class=\"has-text-align-center has-medium-font-size\"><em>C\u00f4tes d&#8217;agneau au thym, pommes de terres au four et carottes r\u00e2p\u00e9es<\/em><\/p>\n\n\n\n<figure class=\"wp-block-image size-full\"><img loading=\"lazy\" decoding=\"async\" width=\"525\" height=\"350\" src=\"https:\/\/i0.wp.com\/xn--maeva-zambon-ditticienne-pfcb.fr\/wp-content\/uploads\/2023\/08\/agneau-1.png?resize=525%2C350&#038;ssl=1\" alt=\"\" class=\"wp-image-1531\" srcset=\"https:\/\/i0.wp.com\/xn--maeva-zambon-ditticienne-pfcb.fr\/wp-content\/uploads\/2023\/08\/agneau-1.png?w=700&amp;ssl=1 700w, https:\/\/i0.wp.com\/xn--maeva-zambon-ditticienne-pfcb.fr\/wp-content\/uploads\/2023\/08\/agneau-1.png?resize=300%2C200&amp;ssl=1 300w\" sizes=\"auto, (max-width: 525px) 100vw, 525px\" data-recalc-dims=\"1\" \/><\/figure>\n\n\n\n<p class=\"has-text-align-center\">Cette recette est un plat familial et convivial, qui se pr\u00e9pare facilement au four.<\/p>\n\n\n\n<h1 class=\"has-text-align-center wp-block-heading\"><strong>Ingr\u00e9dients<\/strong><\/h1>\n\n\n\n<p><\/p>\n\n\n\n<ul class=\"wp-block-list\">\n<li>Carottes<\/li>\n\n\n\n<li>Citron<\/li>\n\n\n\n<li>Vinaigre (facultatif)<\/li>\n\n\n\n<li>Huile d&#8217;olive<\/li>\n\n\n\n<li>Persil ou coriandre<\/li>\n\n\n\n<li>C\u00f4tes d&#8217;agneau<\/li>\n\n\n\n<li>Pommes de terre<\/li>\n\n\n\n<li>Oignon<\/li>\n\n\n\n<li>Gousses d&#8217;ail<\/li>\n\n\n\n<li>Thym<\/li>\n\n\n\n<li>Sel, Poivre<\/li>\n<\/ul>\n\n\n\n<h1 class=\"has-text-align-center wp-block-heading\"><strong>Recette<\/strong><\/h1>\n\n\n\n<p class=\"has-text-align-center\">Commencer par r\u00e9aliser une marinade pour les c\u00f4tes d&#8217;agneau : dans un plat mettre les c\u00f4tes d&#8217;agneau avec de l&#8217;huile d&#8217;olive, du sel, du poivre, de l&#8217;ail et du thym. Bien repartir la marinade, couvrir puis remettre au frigo.<\/p>\n\n\n\n<p class=\"has-text-align-center\">Pr\u00e9chauffer le four \u00e0 200\u00b0C<\/p>\n\n\n\n<p class=\"has-text-align-center\">Laver puis couper les pommes de terres en morceaux ou laisser les enti\u00e8res si c&#8217;est une vari\u00e9t\u00e9 de petites pomme de terres type grenailles. <\/p>\n\n\n\n<p class=\"has-text-align-center\">Ajouter de l&#8217;huile, du sel, du poivre, les \u00e9pices de votre choix sur les pommes de terre et m\u00e9langer bien. <\/p>\n\n\n\n<p class=\"has-text-align-center\">Etaler les sur une plaque couverte d&#8217;un papier sulfuris\u00e9 et enfourner 20 \u00e0 30min suivant la taille des pommes de terres. <\/p>\n\n\n\n<p class=\"has-text-align-center\">Eplucher et r\u00e2per les carottes.<\/p>\n\n\n\n<p class=\"has-text-align-center\">Pour faire une vinaigrette, m\u00e9langer : du jus de citron, du vinaigre (facultatif), de l&#8217;huile, du sel et du poivre<\/p>\n\n\n\n<p class=\"has-text-align-center\">Assaisonner les carottes.<\/p>\n\n\n\n<p class=\"has-text-align-center\">Puis dans une po\u00eale chaude, faite cuire les c\u00f4tes d&#8217;agneau 5min.<\/p>\n\n\n\n<p class=\"has-text-align-center\">C&#8217;est pr\u00eat ! Vous pouvez dresser et servir.<\/p>\n\n\n\n<div class=\"wp-block-buttons is-layout-flex wp-block-buttons-is-layout-flex\">\n<div class=\"wp-block-button aligncenter\"><a class=\"wp-block-button__link wp-element-button\" href=\"https:\/\/xn--maeva-zambon-ditticienne-pfcb.fr\/index.php\/deroulement-des-consultations\/\">D\u00e9couvrez plus de recettes adapt\u00e9es a vos besoins <\/a><\/div>\n<\/div>\n","protected":false},"excerpt":{"rendered":"<p>C\u00f4tes d&#8217;agneau au thym, pommes de terres au four et carottes r\u00e2p\u00e9es Cette recette est un plat familial et convivial, qui se pr\u00e9pare facilement au four. Ingr\u00e9dients Recette Commencer par r\u00e9aliser une marinade pour les c\u00f4tes d&#8217;agneau : dans un plat mettre les c\u00f4tes d&#8217;agneau avec de l&#8217;huile d&#8217;olive, du sel, du poivre, de l&#8217;ail &hellip; <\/p>\n<p class=\"link-more\"><a href=\"https:\/\/xn--maeva-zambon-ditticienne-pfcb.fr\/index.php\/cotes-dagneau-au-thym\/\" class=\"more-link\">Continue reading<span class=\"screen-reader-text\"> &#8220;C\u00f4tes d&#8217;agneau au thym&#8221;<\/span><\/a><\/p>\n","protected":false},"author":1,"featured_media":0,"parent":0,"menu_order":0,"comment_status":"closed","ping_status":"closed","template":"","meta":{"footnotes":""},"class_list":["post-481","page","type-page","status-publish","hentry"],"yoast_head":"<!-- This site is optimized with the Yoast SEO plugin v22.0 - https:\/\/yoast.com\/wordpress\/plugins\/seo\/ -->\n<title>C\u00f4tes d&#039;agneau au thym - Di\u00e9t\u00e9ticienne<\/title>\n<meta name=\"description\" content=\"C\u00f4tes d&#039;agneau au thym : Cette recette est un plat familial et convivial, qui se pr\u00e9pare facilement au four.\" \/>\n<meta name=\"robots\" content=\"index, follow, max-snippet:-1, max-image-preview:large, max-video-preview:-1\" \/>\n<link rel=\"canonical\" href=\"https:\/\/xn--maeva-zambon-ditticienne-pfcb.fr\/index.php\/cotes-dagneau-au-thym\/\" \/>\n<meta property=\"og:locale\" content=\"en_US\" \/>\n<meta property=\"og:type\" content=\"article\" \/>\n<meta property=\"og:title\" content=\"C\u00f4tes d&#039;agneau au thym - Di\u00e9t\u00e9ticienne\" \/>\n<meta property=\"og:description\" content=\"C\u00f4tes d&#039;agneau au thym : Cette recette est un plat familial et convivial, qui se pr\u00e9pare facilement au four.\" \/>\n<meta property=\"og:url\" content=\"https:\/\/xn--maeva-zambon-ditticienne-pfcb.fr\/index.php\/cotes-dagneau-au-thym\/\" \/>\n<meta property=\"og:site_name\" content=\"Di\u00e9t\u00e9ticienne\" \/>\n<meta property=\"article:modified_time\" content=\"2023-08-20T00:57:43+00:00\" \/>\n<meta property=\"og:image\" content=\"https:\/\/xn--maeva-zambon-ditticienne-pfcb.fr\/wp-content\/uploads\/2023\/08\/agneau-1.png\" \/>\n<meta name=\"twitter:card\" content=\"summary_large_image\" \/>\n<meta name=\"twitter:label1\" content=\"Est. reading time\" \/>\n\t<meta name=\"twitter:data1\" content=\"2 minutes\" \/>\n<script type=\"application\/ld+json\" class=\"yoast-schema-graph\">{\"@context\":\"https:\/\/schema.org\",\"@graph\":[{\"@type\":\"WebPage\",\"@id\":\"https:\/\/xn--maeva-zambon-ditticienne-pfcb.fr\/index.php\/cotes-dagneau-au-thym\/\",\"url\":\"https:\/\/xn--maeva-zambon-ditticienne-pfcb.fr\/index.php\/cotes-dagneau-au-thym\/\",\"name\":\"C\u00f4tes d'agneau au thym - Di\u00e9t\u00e9ticienne\",\"isPartOf\":{\"@id\":\"https:\/\/xn--maeva-zambon-ditticienne-pfcb.fr\/#website\"},\"datePublished\":\"2022-09-05T11:15:25+00:00\",\"dateModified\":\"2023-08-20T00:57:43+00:00\",\"description\":\"C\u00f4tes d'agneau au thym : Cette recette est un plat familial et convivial, qui se pr\u00e9pare facilement au four.\",\"breadcrumb\":{\"@id\":\"https:\/\/xn--maeva-zambon-ditticienne-pfcb.fr\/index.php\/cotes-dagneau-au-thym\/#breadcrumb\"},\"inLanguage\":\"en-US\",\"potentialAction\":[{\"@type\":\"ReadAction\",\"target\":[\"https:\/\/xn--maeva-zambon-ditticienne-pfcb.fr\/index.php\/cotes-dagneau-au-thym\/\"]}]},{\"@type\":\"BreadcrumbList\",\"@id\":\"https:\/\/xn--maeva-zambon-ditticienne-pfcb.fr\/index.php\/cotes-dagneau-au-thym\/#breadcrumb\",\"itemListElement\":[{\"@type\":\"ListItem\",\"position\":1,\"name\":\"Home\",\"item\":\"https:\/\/xn--maeva-zambon-ditticienne-pfcb.fr\/\"},{\"@type\":\"ListItem\",\"position\":2,\"name\":\"C\u00f4tes d&#8217;agneau au thym\"}]},{\"@type\":\"WebSite\",\"@id\":\"https:\/\/xn--maeva-zambon-ditticienne-pfcb.fr\/#website\",\"url\":\"https:\/\/xn--maeva-zambon-ditticienne-pfcb.fr\/\",\"name\":\"Di\u00e9t\u00e9ticienne\",\"description\":\"Maeva Zambon Di\u00e9t\u00e9ticienne-Nutritionniste \",\"potentialAction\":[{\"@type\":\"SearchAction\",\"target\":{\"@type\":\"EntryPoint\",\"urlTemplate\":\"https:\/\/xn--maeva-zambon-ditticienne-pfcb.fr\/?s={search_term_string}\"},\"query-input\":\"required name=search_term_string\"}],\"inLanguage\":\"en-US\"}]}<\/script>\n<!-- \/ Yoast SEO plugin. -->","yoast_head_json":{"title":"C\u00f4tes d'agneau au thym - Di\u00e9t\u00e9ticienne","description":"C\u00f4tes d'agneau au thym : Cette recette est un plat familial et convivial, qui se pr\u00e9pare facilement au four.","robots":{"index":"index","follow":"follow","max-snippet":"max-snippet:-1","max-image-preview":"max-image-preview:large","max-video-preview":"max-video-preview:-1"},"canonical":"https:\/\/xn--maeva-zambon-ditticienne-pfcb.fr\/index.php\/cotes-dagneau-au-thym\/","og_locale":"en_US","og_type":"article","og_title":"C\u00f4tes d'agneau au thym - Di\u00e9t\u00e9ticienne","og_description":"C\u00f4tes d'agneau au thym : Cette recette est un plat familial et convivial, qui se pr\u00e9pare facilement au four.","og_url":"https:\/\/xn--maeva-zambon-ditticienne-pfcb.fr\/index.php\/cotes-dagneau-au-thym\/","og_site_name":"Di\u00e9t\u00e9ticienne","article_modified_time":"2023-08-20T00:57:43+00:00","og_image":[{"url":"https:\/\/xn--maeva-zambon-ditticienne-pfcb.fr\/wp-content\/uploads\/2023\/08\/agneau-1.png"}],"twitter_card":"summary_large_image","twitter_misc":{"Est. reading time":"2 minutes"},"schema":{"@context":"https:\/\/schema.org","@graph":[{"@type":"WebPage","@id":"https:\/\/xn--maeva-zambon-ditticienne-pfcb.fr\/index.php\/cotes-dagneau-au-thym\/","url":"https:\/\/xn--maeva-zambon-ditticienne-pfcb.fr\/index.php\/cotes-dagneau-au-thym\/","name":"C\u00f4tes d'agneau au thym - Di\u00e9t\u00e9ticienne","isPartOf":{"@id":"https:\/\/xn--maeva-zambon-ditticienne-pfcb.fr\/#website"},"datePublished":"2022-09-05T11:15:25+00:00","dateModified":"2023-08-20T00:57:43+00:00","description":"C\u00f4tes d'agneau au thym : Cette recette est un plat familial et convivial, qui se pr\u00e9pare facilement au four.","breadcrumb":{"@id":"https:\/\/xn--maeva-zambon-ditticienne-pfcb.fr\/index.php\/cotes-dagneau-au-thym\/#breadcrumb"},"inLanguage":"en-US","potentialAction":[{"@type":"ReadAction","target":["https:\/\/xn--maeva-zambon-ditticienne-pfcb.fr\/index.php\/cotes-dagneau-au-thym\/"]}]},{"@type":"BreadcrumbList","@id":"https:\/\/xn--maeva-zambon-ditticienne-pfcb.fr\/index.php\/cotes-dagneau-au-thym\/#breadcrumb","itemListElement":[{"@type":"ListItem","position":1,"name":"Home","item":"https:\/\/xn--maeva-zambon-ditticienne-pfcb.fr\/"},{"@type":"ListItem","position":2,"name":"C\u00f4tes d&#8217;agneau au thym"}]},{"@type":"WebSite","@id":"https:\/\/xn--maeva-zambon-ditticienne-pfcb.fr\/#website","url":"https:\/\/xn--maeva-zambon-ditticienne-pfcb.fr\/","name":"Di\u00e9t\u00e9ticienne","description":"Maeva Zambon Di\u00e9t\u00e9ticienne-Nutritionniste ","potentialAction":[{"@type":"SearchAction","target":{"@type":"EntryPoint","urlTemplate":"https:\/\/xn--maeva-zambon-ditticienne-pfcb.fr\/?s={search_term_string}"},"query-input":"required name=search_term_string"}],"inLanguage":"en-US"}]}},"_links":{"self":[{"href":"https:\/\/xn--maeva-zambon-ditticienne-pfcb.fr\/index.php\/wp-json\/wp\/v2\/pages\/481","targetHints":{"allow":["GET"]}}],"collection":[{"href":"https:\/\/xn--maeva-zambon-ditticienne-pfcb.fr\/index.php\/wp-json\/wp\/v2\/pages"}],"about":[{"href":"https:\/\/xn--maeva-zambon-ditticienne-pfcb.fr\/index.php\/wp-json\/wp\/v2\/types\/page"}],"author":[{"embeddable":true,"href":"https:\/\/xn--maeva-zambon-ditticienne-pfcb.fr\/index.php\/wp-json\/wp\/v2\/users\/1"}],"replies":[{"embeddable":true,"href":"https:\/\/xn--maeva-zambon-ditticienne-pfcb.fr\/index.php\/wp-json\/wp\/v2\/comments?post=481"}],"version-history":[{"count":6,"href":"https:\/\/xn--maeva-zambon-ditticienne-pfcb.fr\/index.php\/wp-json\/wp\/v2\/pages\/481\/revisions"}],"predecessor-version":[{"id":1533,"href":"https:\/\/xn--maeva-zambon-ditticienne-pfcb.fr\/index.php\/wp-json\/wp\/v2\/pages\/481\/revisions\/1533"}],"wp:attachment":[{"href":"https:\/\/xn--maeva-zambon-ditticienne-pfcb.fr\/index.php\/wp-json\/wp\/v2\/media?parent=481"}],"curies":[{"name":"wp","href":"https:\/\/api.w.org\/{rel}","templated":true}]}}

Côtes d&#8217;agneau au thym

<div style="height:100px" aria-hidden="true" class="wp-block-spacer"></div>



<p class="has-text-align-center has-medium-font-size"><em>Côtes d&#8217;agneau au thym, pommes de terres au four et carottes râpées</em></p>



<figure class="wp-block-image size-full"><img loading="lazy" decoding="async" width="525" height="350" src="https://i0.wp.com/xn--maeva-zambon-ditticienne-pfcb.fr/wp-content/uploads/2023/08/agneau-1.png?resize=525%2C350&#038;ssl=1" alt="" class="wp-image-1531" srcset="https://i0.wp.com/xn--maeva-zambon-ditticienne-pfcb.fr/wp-content/uploads/2023/08/agneau-1.png?w=700&amp;ssl=1 700w, https://i0.wp.com/xn--maeva-zambon-ditticienne-pfcb.fr/wp-content/uploads/2023/08/agneau-1.png?resize=300%2C200&amp;ssl=1 300w" sizes="auto, (max-width: 525px) 100vw, 525px" data-recalc-dims="1" /></figure>



<p class="has-text-align-center">Cette recette est un plat familial et convivial, qui se prépare facilement au four.</p>



<h1 class="has-text-align-center wp-block-heading"><strong>Ingrédients</strong></h1>



<p></p>



<ul class="wp-block-list">
<li>Carottes</li>



<li>Citron</li>



<li>Vinaigre (facultatif)</li>



<li>Huile d&#8217;olive</li>



<li>Persil ou coriandre</li>



<li>Côtes d&#8217;agneau</li>



<li>Pommes de terre</li>



<li>Oignon</li>



<li>Gousses d&#8217;ail</li>



<li>Thym</li>



<li>Sel, Poivre</li>
</ul>



<h1 class="has-text-align-center wp-block-heading"><strong>Recette</strong></h1>



<p class="has-text-align-center">Commencer par réaliser une marinade pour les côtes d&#8217;agneau : dans un plat mettre les côtes d&#8217;agneau avec de l&#8217;huile d&#8217;olive, du sel, du poivre, de l&#8217;ail et du thym. Bien repartir la marinade, couvrir puis remettre au frigo.</p>



<p class="has-text-align-center">Préchauffer le four à 200°C</p>



<p class="has-text-align-center">Laver puis couper les pommes de terres en morceaux ou laisser les entières si c&#8217;est une variété de petites pomme de terres type grenailles. </p>



<p class="has-text-align-center">Ajouter de l&#8217;huile, du sel, du poivre, les épices de votre choix sur les pommes de terre et mélanger bien. </p>



<p class="has-text-align-center">Etaler les sur une plaque couverte d&#8217;un papier sulfurisé et enfourner 20 à 30min suivant la taille des pommes de terres. </p>



<p class="has-text-align-center">Eplucher et râper les carottes.</p>



<p class="has-text-align-center">Pour faire une vinaigrette, mélanger : du jus de citron, du vinaigre (facultatif), de l&#8217;huile, du sel et du poivre</p>



<p class="has-text-align-center">Assaisonner les carottes.</p>



<p class="has-text-align-center">Puis dans une poêle chaude, faite cuire les côtes d&#8217;agneau 5min.</p>



<p class="has-text-align-center">C&#8217;est prêt ! Vous pouvez dresser et servir.</p>



<div class="wp-block-buttons is-layout-flex wp-block-buttons-is-layout-flex">
<div class="wp-block-button aligncenter"><a class="wp-block-button__link wp-element-button" href="https://xn--maeva-zambon-ditticienne-pfcb.fr/index.php/deroulement-des-consultations/">Découvrez plus de recettes adaptées a vos besoins </a></div>
</div>

<p>Côtes d&#8217;agneau au thym, pommes de terres au four et carottes râpées Cette recette est un plat familial et convivial, qui se prépare facilement au four. Ingrédients Recette Commencer par réaliser une marinade pour les côtes d&#8217;agneau : dans un plat mettre les côtes d&#8217;agneau avec de l&#8217;huile d&#8217;olive, du sel, du poivre, de l&#8217;ail &hellip; </p>
<p class="link-more"><a href="https://xn--maeva-zambon-ditticienne-pfcb.fr/index.php/cotes-dagneau-au-thym/" class="more-link">Continue reading<span class="screen-reader-text"> &#8220;Côtes d&#8217;agneau au thym&#8221;</span></a></p>

<!-- This site is optimized with the Yoast SEO plugin v22.0 - https://yoast.com/wordpress/plugins/seo/ -->
<title>Côtes d&#039;agneau au thym - Diététicienne</title>
<meta name="description" content="Côtes d&#039;agneau au thym : Cette recette est un plat familial et convivial, qui se prépare facilement au four." />
<meta name="robots" content="index, follow, max-snippet:-1, max-image-preview:large, max-video-preview:-1" />
<link rel="canonical" href="https://xn--maeva-zambon-ditticienne-pfcb.fr/index.php/cotes-dagneau-au-thym/" />
<meta property="og:locale" content="en_US" />
<meta property="og:type" content="article" />
<meta property="og:title" content="Côtes d&#039;agneau au thym - Diététicienne" />
<meta property="og:description" content="Côtes d&#039;agneau au thym : Cette recette est un plat familial et convivial, qui se prépare facilement au four." />
<meta property="og:url" content="https://xn--maeva-zambon-ditticienne-pfcb.fr/index.php/cotes-dagneau-au-thym/" />
<meta property="og:site_name" content="Diététicienne" />
<meta property="article:modified_time" content="2023-08-20T00:57:43+00:00" />
<meta property="og:image" content="https://xn--maeva-zambon-ditticienne-pfcb.fr/wp-content/uploads/2023/08/agneau-1.png" />
<meta name="twitter:card" content="summary_large_image" />
<meta name="twitter:label1" content="Est. reading time" />
	<meta name="twitter:data1" content="2 minutes" />
<script type="application/ld+json" class="yoast-schema-graph">{"@context":"https://schema.org","@graph":[{"@type":"WebPage","@id":"https://xn--maeva-zambon-ditticienne-pfcb.fr/index.php/cotes-dagneau-au-thym/","url":"https://xn--maeva-zambon-ditticienne-pfcb.fr/index.php/cotes-dagneau-au-thym/","name":"Côtes d'agneau au thym - Diététicienne","isPartOf":{"@id":"https://xn--maeva-zambon-ditticienne-pfcb.fr/#website"},"datePublished":"2022-09-05T11:15:25+00:00","dateModified":"2023-08-20T00:57:43+00:00","description":"Côtes d'agneau au thym : Cette recette est un plat familial et convivial, qui se prépare facilement au four.","breadcrumb":{"@id":"https://xn--maeva-zambon-ditticienne-pfcb.fr/index.php/cotes-dagneau-au-thym/#breadcrumb"},"inLanguage":"en-US","potentialAction":[{"@type":"ReadAction","target":["https://xn--maeva-zambon-ditticienne-pfcb.fr/index.php/cotes-dagneau-au-thym/"]}]},{"@type":"BreadcrumbList","@id":"https://xn--maeva-zambon-ditticienne-pfcb.fr/index.php/cotes-dagneau-au-thym/#breadcrumb","itemListElement":[{"@type":"ListItem","position":1,"name":"Home","item":"https://xn--maeva-zambon-ditticienne-pfcb.fr/"},{"@type":"ListItem","position":2,"name":"Côtes d&#8217;agneau au thym"}]},{"@type":"WebSite","@id":"https://xn--maeva-zambon-ditticienne-pfcb.fr/#website","url":"https://xn--maeva-zambon-ditticienne-pfcb.fr/","name":"Diététicienne","description":"Maeva Zambon Diététicienne-Nutritionniste ","potentialAction":[{"@type":"SearchAction","target":{"@type":"EntryPoint","urlTemplate":"https://xn--maeva-zambon-ditticienne-pfcb.fr/?s={search_term_string}"},"query-input":"required name=search_term_string"}],"inLanguage":"en-US"}]}</script>
<!-- / Yoast SEO plugin. -->

Côtes d'agneau au thym - Diététicienne

Côtes d'agneau au thym : Cette recette est un plat familial et convivial, qui se prépare facilement au four.

Diététicienne

Maeva Zambon Diététicienne-Nutritionniste
