{"id":459,"date":"2022-08-31T16:41:05","date_gmt":"2022-08-31T14:41:05","guid":{"rendered":"https:\/\/dieteticiennemaevazambon.wordpress.com\/?page_id=459"},"modified":"2022-08-31T16:41:05","modified_gmt":"2022-08-31T14:41:05","slug":"poulet-au-curry-et-nouilles-de-sarrasin-sautees-aux-poivrons","status":"publish","type":"page","link":"https:\/\/xn--maeva-zambon-ditticienne-pfcb.fr\/index.php\/poulet-au-curry-et-nouilles-de-sarrasin-sautees-aux-poivrons\/","title":{"rendered":"Poulet au curry et nouilles de sarrasin saut\u00e9es aux poivrons"},"content":{"rendered":"\n<p><\/p>\n\n\n\n<h1 class=\"has-text-align-center wp-block-heading\"><strong>Ingr\u00e9dients<\/strong><\/h1>\n\n\n\n<p class=\"has-text-align-center\">Escalopes de poulet<\/p>\n\n\n\n<p class=\"has-text-align-center\">Poivrons<\/p>\n\n\n\n<p class=\"has-text-align-center\">Oignon<\/p>\n\n\n\n<p class=\"has-text-align-center\">Gousse d&#8217;ail<\/p>\n\n\n\n<p class=\"has-text-align-center\">Nouilles Soba (nouilles de sarrasin)<\/p>\n\n\n\n<p class=\"has-text-align-center\">Curry, cumin<\/p>\n\n\n\n<p class=\"has-text-align-center\">Coriandre moulue<\/p>\n\n\n\n<p class=\"has-text-align-center\">Lait de coco<\/p>\n\n\n\n<p class=\"has-text-align-center\">Huile de noix de coco<\/p>\n\n\n\n<h1 class=\"has-text-align-center wp-block-heading\"><strong>Recette<\/strong><\/h1>\n\n\n\n<p class=\"has-text-align-center\">Couper les escalopes en morceaux grossi\u00e8rement.<\/p>\n\n\n\n<p class=\"has-text-align-center\">Dans un plat, mettre la volaille avec les \u00e9pices et un peu du lait de coco. Laisser mariner au minimum 20 minutes.<\/p>\n\n\n\n<p class=\"has-text-align-center\">Couper les poivrons et les oignons en lamelles, hacher l&#8217;ail.<\/p>\n\n\n\n<p class=\"has-text-align-center\">Cuire les nouilles Soba comme indiqu\u00e9 sur l&#8217;emballage.<\/p>\n\n\n\n<p class=\"has-text-align-center\">Faire suer les oignons et l&#8217;ail avec une cuill\u00e8re \u00e0 soupe d&#8217;huile de coco dans une po\u00eale, ajouter les poivrons, faire cuire 5 min suppl\u00e9mentaires, puis r\u00e9server le tout.<\/p>\n\n\n\n<p class=\"has-text-align-center\">Faire revenir le poulet et sa marinade 5 minutes \u00e0 feu assez fort.<\/p>\n\n\n\n<p class=\"has-text-align-center\">Puis ajouter les oignons, l&#8217;ail, les poivrons et le reste du lait de coco et laisser cuire 10 minutes \u00e0 feu moyen.<\/p>\n\n\n\n<p class=\"has-text-align-center\">Ajouter les Soba \u00e9goutt\u00e9es au reste de la pr\u00e9paration, faire revenir 2min. <\/p>\n\n\n\n<p class=\"has-text-align-center\">Vous pouvez dresser et servir.<\/p>\n","protected":false},"excerpt":{"rendered":"<p>Ingr\u00e9dients Escalopes de poulet Poivrons Oignon Gousse d&#8217;ail Nouilles Soba (nouilles de sarrasin) Curry, cumin Coriandre moulue Lait de coco Huile de noix de coco Recette Couper les escalopes en morceaux grossi\u00e8rement. Dans un plat, mettre la volaille avec les \u00e9pices et un peu du lait de coco. Laisser mariner au minimum 20 minutes. Couper &hellip; <\/p>\n<p class=\"link-more\"><a href=\"https:\/\/xn--maeva-zambon-ditticienne-pfcb.fr\/index.php\/poulet-au-curry-et-nouilles-de-sarrasin-sautees-aux-poivrons\/\" class=\"more-link\">Continue reading<span class=\"screen-reader-text\"> &#8220;Poulet au curry et nouilles de sarrasin saut\u00e9es aux poivrons&#8221;<\/span><\/a><\/p>\n","protected":false},"author":1,"featured_media":0,"parent":0,"menu_order":0,"comment_status":"closed","ping_status":"closed","template":"","meta":{"footnotes":""},"class_list":["post-459","page","type-page","status-publish","hentry"],"yoast_head":"<!-- This site is optimized with the Yoast SEO plugin v22.0 - https:\/\/yoast.com\/wordpress\/plugins\/seo\/ -->\n<title>Poulet au curry et nouilles de sarrasin saut\u00e9es aux poivrons - Di\u00e9t\u00e9ticienne<\/title>\n<meta name=\"robots\" content=\"index, follow, max-snippet:-1, max-image-preview:large, max-video-preview:-1\" \/>\n<link rel=\"canonical\" href=\"https:\/\/xn--maeva-zambon-ditticienne-pfcb.fr\/index.php\/poulet-au-curry-et-nouilles-de-sarrasin-sautees-aux-poivrons\/\" \/>\n<meta property=\"og:locale\" content=\"en_US\" \/>\n<meta property=\"og:type\" content=\"article\" \/>\n<meta property=\"og:title\" content=\"Poulet au curry et nouilles de sarrasin saut\u00e9es aux poivrons - Di\u00e9t\u00e9ticienne\" \/>\n<meta property=\"og:description\" content=\"Ingr\u00e9dients Escalopes de poulet Poivrons Oignon Gousse d&#8217;ail Nouilles Soba (nouilles de sarrasin) Curry, cumin Coriandre moulue Lait de coco Huile de noix de coco Recette Couper les escalopes en morceaux grossi\u00e8rement. Dans un plat, mettre la volaille avec les \u00e9pices et un peu du lait de coco. Laisser mariner au minimum 20 minutes. Couper &hellip; Continue reading &quot;Poulet au curry et nouilles de sarrasin saut\u00e9es aux poivrons&quot;\" \/>\n<meta property=\"og:url\" content=\"https:\/\/xn--maeva-zambon-ditticienne-pfcb.fr\/index.php\/poulet-au-curry-et-nouilles-de-sarrasin-sautees-aux-poivrons\/\" \/>\n<meta property=\"og:site_name\" content=\"Di\u00e9t\u00e9ticienne\" \/>\n<meta name=\"twitter:card\" content=\"summary_large_image\" \/>\n<meta name=\"twitter:label1\" content=\"Est. reading time\" \/>\n\t<meta name=\"twitter:data1\" content=\"1 minute\" \/>\n<script type=\"application\/ld+json\" class=\"yoast-schema-graph\">{\"@context\":\"https:\/\/schema.org\",\"@graph\":[{\"@type\":\"WebPage\",\"@id\":\"https:\/\/xn--maeva-zambon-ditticienne-pfcb.fr\/index.php\/poulet-au-curry-et-nouilles-de-sarrasin-sautees-aux-poivrons\/\",\"url\":\"https:\/\/xn--maeva-zambon-ditticienne-pfcb.fr\/index.php\/poulet-au-curry-et-nouilles-de-sarrasin-sautees-aux-poivrons\/\",\"name\":\"Poulet au curry et nouilles de sarrasin saut\u00e9es aux poivrons - Di\u00e9t\u00e9ticienne\",\"isPartOf\":{\"@id\":\"https:\/\/xn--maeva-zambon-ditticienne-pfcb.fr\/#website\"},\"datePublished\":\"2022-08-31T14:41:05+00:00\",\"dateModified\":\"2022-08-31T14:41:05+00:00\",\"breadcrumb\":{\"@id\":\"https:\/\/xn--maeva-zambon-ditticienne-pfcb.fr\/index.php\/poulet-au-curry-et-nouilles-de-sarrasin-sautees-aux-poivrons\/#breadcrumb\"},\"inLanguage\":\"en-US\",\"potentialAction\":[{\"@type\":\"ReadAction\",\"target\":[\"https:\/\/xn--maeva-zambon-ditticienne-pfcb.fr\/index.php\/poulet-au-curry-et-nouilles-de-sarrasin-sautees-aux-poivrons\/\"]}]},{\"@type\":\"BreadcrumbList\",\"@id\":\"https:\/\/xn--maeva-zambon-ditticienne-pfcb.fr\/index.php\/poulet-au-curry-et-nouilles-de-sarrasin-sautees-aux-poivrons\/#breadcrumb\",\"itemListElement\":[{\"@type\":\"ListItem\",\"position\":1,\"name\":\"Home\",\"item\":\"https:\/\/xn--maeva-zambon-ditticienne-pfcb.fr\/\"},{\"@type\":\"ListItem\",\"position\":2,\"name\":\"Poulet au curry et nouilles de sarrasin saut\u00e9es aux poivrons\"}]},{\"@type\":\"WebSite\",\"@id\":\"https:\/\/xn--maeva-zambon-ditticienne-pfcb.fr\/#website\",\"url\":\"https:\/\/xn--maeva-zambon-ditticienne-pfcb.fr\/\",\"name\":\"Di\u00e9t\u00e9ticienne\",\"description\":\"Maeva Zambon Di\u00e9t\u00e9ticienne-Nutritionniste \",\"potentialAction\":[{\"@type\":\"SearchAction\",\"target\":{\"@type\":\"EntryPoint\",\"urlTemplate\":\"https:\/\/xn--maeva-zambon-ditticienne-pfcb.fr\/?s={search_term_string}\"},\"query-input\":\"required name=search_term_string\"}],\"inLanguage\":\"en-US\"}]}<\/script>\n<!-- \/ Yoast SEO plugin. -->","yoast_head_json":{"title":"Poulet au curry et nouilles de sarrasin saut\u00e9es aux poivrons - Di\u00e9t\u00e9ticienne","robots":{"index":"index","follow":"follow","max-snippet":"max-snippet:-1","max-image-preview":"max-image-preview:large","max-video-preview":"max-video-preview:-1"},"canonical":"https:\/\/xn--maeva-zambon-ditticienne-pfcb.fr\/index.php\/poulet-au-curry-et-nouilles-de-sarrasin-sautees-aux-poivrons\/","og_locale":"en_US","og_type":"article","og_title":"Poulet au curry et nouilles de sarrasin saut\u00e9es aux poivrons - Di\u00e9t\u00e9ticienne","og_description":"Ingr\u00e9dients Escalopes de poulet Poivrons Oignon Gousse d&#8217;ail Nouilles Soba (nouilles de sarrasin) Curry, cumin Coriandre moulue Lait de coco Huile de noix de coco Recette Couper les escalopes en morceaux grossi\u00e8rement. Dans un plat, mettre la volaille avec les \u00e9pices et un peu du lait de coco. Laisser mariner au minimum 20 minutes. Couper &hellip; Continue reading \"Poulet au curry et nouilles de sarrasin saut\u00e9es aux poivrons\"","og_url":"https:\/\/xn--maeva-zambon-ditticienne-pfcb.fr\/index.php\/poulet-au-curry-et-nouilles-de-sarrasin-sautees-aux-poivrons\/","og_site_name":"Di\u00e9t\u00e9ticienne","twitter_card":"summary_large_image","twitter_misc":{"Est. reading time":"1 minute"},"schema":{"@context":"https:\/\/schema.org","@graph":[{"@type":"WebPage","@id":"https:\/\/xn--maeva-zambon-ditticienne-pfcb.fr\/index.php\/poulet-au-curry-et-nouilles-de-sarrasin-sautees-aux-poivrons\/","url":"https:\/\/xn--maeva-zambon-ditticienne-pfcb.fr\/index.php\/poulet-au-curry-et-nouilles-de-sarrasin-sautees-aux-poivrons\/","name":"Poulet au curry et nouilles de sarrasin saut\u00e9es aux poivrons - Di\u00e9t\u00e9ticienne","isPartOf":{"@id":"https:\/\/xn--maeva-zambon-ditticienne-pfcb.fr\/#website"},"datePublished":"2022-08-31T14:41:05+00:00","dateModified":"2022-08-31T14:41:05+00:00","breadcrumb":{"@id":"https:\/\/xn--maeva-zambon-ditticienne-pfcb.fr\/index.php\/poulet-au-curry-et-nouilles-de-sarrasin-sautees-aux-poivrons\/#breadcrumb"},"inLanguage":"en-US","potentialAction":[{"@type":"ReadAction","target":["https:\/\/xn--maeva-zambon-ditticienne-pfcb.fr\/index.php\/poulet-au-curry-et-nouilles-de-sarrasin-sautees-aux-poivrons\/"]}]},{"@type":"BreadcrumbList","@id":"https:\/\/xn--maeva-zambon-ditticienne-pfcb.fr\/index.php\/poulet-au-curry-et-nouilles-de-sarrasin-sautees-aux-poivrons\/#breadcrumb","itemListElement":[{"@type":"ListItem","position":1,"name":"Home","item":"https:\/\/xn--maeva-zambon-ditticienne-pfcb.fr\/"},{"@type":"ListItem","position":2,"name":"Poulet au curry et nouilles de sarrasin saut\u00e9es aux poivrons"}]},{"@type":"WebSite","@id":"https:\/\/xn--maeva-zambon-ditticienne-pfcb.fr\/#website","url":"https:\/\/xn--maeva-zambon-ditticienne-pfcb.fr\/","name":"Di\u00e9t\u00e9ticienne","description":"Maeva Zambon Di\u00e9t\u00e9ticienne-Nutritionniste ","potentialAction":[{"@type":"SearchAction","target":{"@type":"EntryPoint","urlTemplate":"https:\/\/xn--maeva-zambon-ditticienne-pfcb.fr\/?s={search_term_string}"},"query-input":"required name=search_term_string"}],"inLanguage":"en-US"}]}},"_links":{"self":[{"href":"https:\/\/xn--maeva-zambon-ditticienne-pfcb.fr\/index.php\/wp-json\/wp\/v2\/pages\/459","targetHints":{"allow":["GET"]}}],"collection":[{"href":"https:\/\/xn--maeva-zambon-ditticienne-pfcb.fr\/index.php\/wp-json\/wp\/v2\/pages"}],"about":[{"href":"https:\/\/xn--maeva-zambon-ditticienne-pfcb.fr\/index.php\/wp-json\/wp\/v2\/types\/page"}],"author":[{"embeddable":true,"href":"https:\/\/xn--maeva-zambon-ditticienne-pfcb.fr\/index.php\/wp-json\/wp\/v2\/users\/1"}],"replies":[{"embeddable":true,"href":"https:\/\/xn--maeva-zambon-ditticienne-pfcb.fr\/index.php\/wp-json\/wp\/v2\/comments?post=459"}],"version-history":[{"count":0,"href":"https:\/\/xn--maeva-zambon-ditticienne-pfcb.fr\/index.php\/wp-json\/wp\/v2\/pages\/459\/revisions"}],"wp:attachment":[{"href":"https:\/\/xn--maeva-zambon-ditticienne-pfcb.fr\/index.php\/wp-json\/wp\/v2\/media?parent=459"}],"curies":[{"name":"wp","href":"https:\/\/api.w.org\/{rel}","templated":true}]}}