{"id":41,"date":"2022-02-20T16:36:25","date_gmt":"2022-02-20T15:36:25","guid":{"rendered":"https:\/\/dieteticiennemaevazambon.wordpress.com\/?page_id=41"},"modified":"2022-02-20T16:36:25","modified_gmt":"2022-02-20T15:36:25","slug":"qui-suis-je","status":"publish","type":"page","link":"https:\/\/xn--maeva-zambon-ditticienne-pfcb.fr\/index.php\/qui-suis-je\/","title":{"rendered":"Qui suis-je ?"},"content":{"rendered":"<div class=\"wp-block-image\">\n<figure class=\"alignleft size-large is-resized\"><a href=\"https:\/\/www.doctolib.fr\/dieteticien\/paris\/maeva-zambon\"><img loading=\"lazy\" decoding=\"async\" src=\"https:\/\/i0.wp.com\/xn--maeva-zambon-ditticienne-pfcb.fr\/wp-content\/uploads\/2022\/03\/photo-au-cabinet-1.jpg?resize=268%2C365&#038;ssl=1\" alt=\"\" class=\"wp-image-225\" width=\"268\" height=\"365\" srcset=\"https:\/\/i0.wp.com\/xn--maeva-zambon-ditticienne-pfcb.fr\/wp-content\/uploads\/2022\/03\/photo-au-cabinet-1.jpg?resize=749%2C1024&amp;ssl=1 749w, https:\/\/i0.wp.com\/xn--maeva-zambon-ditticienne-pfcb.fr\/wp-content\/uploads\/2022\/03\/photo-au-cabinet-1.jpg?resize=768%2C1050&amp;ssl=1 768w, https:\/\/i0.wp.com\/xn--maeva-zambon-ditticienne-pfcb.fr\/wp-content\/uploads\/2022\/03\/photo-au-cabinet-1.jpg?zoom=2&amp;resize=268%2C365&amp;ssl=1 536w\" sizes=\"auto, (max-width: 268px) 100vw, 268px\" data-recalc-dims=\"1\" \/><\/a><\/figure><\/div>\n\n\n<p class=\"has-text-align-center\">Adepte de la <a href=\"http:\/\/psychoactif.blogspot.com\/2019\/12\/manger-en-pleine-conscience.html\">nutrition en pleine conscience<\/a> et dipl\u00f4m\u00e9e d&#8217;Etat en tant que <a href=\"https:\/\/www.doctolib.fr\/dieteticien\/paris\/maeva-zambon\">di\u00e9t\u00e9ticienne nutritionniste<\/a>.<\/p>\n\n\n\n<p class=\"has-text-align-center\">Mon r\u00f4le est de vous aider \u00e0 atteindre vos objectifs en vous cr\u00e9ant des habitudes alimentaires saines et savoureuses qui sont tenables sur le long terme !<\/p>\n\n\n\n<p class=\"has-text-align-center\">Car manger doit avant tout rester un plaisir, \u00e0 bas les r\u00e9gimes drastiques, fades et frustrants !<\/p>\n\n\n\n<p class=\"has-text-align-center\">Seule une alimentation vari\u00e9e, gourmande et \u00e9quilibr\u00e9e vous permettra d&#8217;\u00eatre en bonne sant\u00e9 et bien dans votre corps.<\/p>\n","protected":false},"excerpt":{"rendered":"<p>Adepte de la nutrition en pleine conscience et dipl\u00f4m\u00e9e d&#8217;Etat en tant que di\u00e9t\u00e9ticienne nutritionniste. Mon r\u00f4le est de vous aider \u00e0 atteindre vos objectifs en vous cr\u00e9ant des habitudes alimentaires saines et savoureuses qui sont tenables sur le long terme ! Car manger doit avant tout rester un plaisir, \u00e0 bas les r\u00e9gimes drastiques, &hellip; <\/p>\n<p class=\"link-more\"><a href=\"https:\/\/xn--maeva-zambon-ditticienne-pfcb.fr\/index.php\/qui-suis-je\/\" class=\"more-link\">Continue reading<span class=\"screen-reader-text\"> &#8220;Qui suis-je ?&#8221;<\/span><\/a><\/p>\n","protected":false},"author":1,"featured_media":0,"parent":0,"menu_order":0,"comment_status":"closed","ping_status":"closed","template":"","meta":{"footnotes":""},"class_list":["post-41","page","type-page","status-publish","hentry"],"yoast_head":"<!-- This site is optimized with the Yoast SEO plugin v22.0 - https:\/\/yoast.com\/wordpress\/plugins\/seo\/ -->\n<title>Qui suis-je ? - Di\u00e9t\u00e9ticienne<\/title>\n<meta name=\"robots\" content=\"index, follow, max-snippet:-1, max-image-preview:large, max-video-preview:-1\" \/>\n<link rel=\"canonical\" href=\"https:\/\/xn--maeva-zambon-ditticienne-pfcb.fr\/index.php\/qui-suis-je\/\" \/>\n<meta property=\"og:locale\" content=\"en_US\" \/>\n<meta property=\"og:type\" content=\"article\" \/>\n<meta property=\"og:title\" content=\"Qui suis-je ? - Di\u00e9t\u00e9ticienne\" \/>\n<meta property=\"og:description\" content=\"Adepte de la nutrition en pleine conscience et dipl\u00f4m\u00e9e d&#8217;Etat en tant que di\u00e9t\u00e9ticienne nutritionniste. Mon r\u00f4le est de vous aider \u00e0 atteindre vos objectifs en vous cr\u00e9ant des habitudes alimentaires saines et savoureuses qui sont tenables sur le long terme ! Car manger doit avant tout rester un plaisir, \u00e0 bas les r\u00e9gimes drastiques, &hellip; Continue reading &quot;Qui suis-je ?&quot;\" \/>\n<meta property=\"og:url\" content=\"https:\/\/xn--maeva-zambon-ditticienne-pfcb.fr\/index.php\/qui-suis-je\/\" \/>\n<meta property=\"og:site_name\" content=\"Di\u00e9t\u00e9ticienne\" \/>\n<meta property=\"og:image\" content=\"https:\/\/xn--maeva-zambon-ditticienne-pfcb.fr\/wp-content\/uploads\/2022\/03\/photo-au-cabinet-1.jpg?w=749\" \/>\n<meta name=\"twitter:card\" content=\"summary_large_image\" \/>\n<script type=\"application\/ld+json\" class=\"yoast-schema-graph\">{\"@context\":\"https:\/\/schema.org\",\"@graph\":[{\"@type\":\"WebPage\",\"@id\":\"https:\/\/xn--maeva-zambon-ditticienne-pfcb.fr\/index.php\/qui-suis-je\/\",\"url\":\"https:\/\/xn--maeva-zambon-ditticienne-pfcb.fr\/index.php\/qui-suis-je\/\",\"name\":\"Qui suis-je ? - Di\u00e9t\u00e9ticienne\",\"isPartOf\":{\"@id\":\"https:\/\/xn--maeva-zambon-ditticienne-pfcb.fr\/#website\"},\"datePublished\":\"2022-02-20T15:36:25+00:00\",\"dateModified\":\"2022-02-20T15:36:25+00:00\",\"breadcrumb\":{\"@id\":\"https:\/\/xn--maeva-zambon-ditticienne-pfcb.fr\/index.php\/qui-suis-je\/#breadcrumb\"},\"inLanguage\":\"en-US\",\"potentialAction\":[{\"@type\":\"ReadAction\",\"target\":[\"https:\/\/xn--maeva-zambon-ditticienne-pfcb.fr\/index.php\/qui-suis-je\/\"]}]},{\"@type\":\"BreadcrumbList\",\"@id\":\"https:\/\/xn--maeva-zambon-ditticienne-pfcb.fr\/index.php\/qui-suis-je\/#breadcrumb\",\"itemListElement\":[{\"@type\":\"ListItem\",\"position\":1,\"name\":\"Home\",\"item\":\"https:\/\/xn--maeva-zambon-ditticienne-pfcb.fr\/\"},{\"@type\":\"ListItem\",\"position\":2,\"name\":\"Qui suis-je ?\"}]},{\"@type\":\"WebSite\",\"@id\":\"https:\/\/xn--maeva-zambon-ditticienne-pfcb.fr\/#website\",\"url\":\"https:\/\/xn--maeva-zambon-ditticienne-pfcb.fr\/\",\"name\":\"Di\u00e9t\u00e9ticienne\",\"description\":\"Maeva Zambon Di\u00e9t\u00e9ticienne-Nutritionniste \",\"potentialAction\":[{\"@type\":\"SearchAction\",\"target\":{\"@type\":\"EntryPoint\",\"urlTemplate\":\"https:\/\/xn--maeva-zambon-ditticienne-pfcb.fr\/?s={search_term_string}\"},\"query-input\":\"required name=search_term_string\"}],\"inLanguage\":\"en-US\"}]}<\/script>\n<!-- \/ Yoast SEO plugin. -->","yoast_head_json":{"title":"Qui suis-je ? - Di\u00e9t\u00e9ticienne","robots":{"index":"index","follow":"follow","max-snippet":"max-snippet:-1","max-image-preview":"max-image-preview:large","max-video-preview":"max-video-preview:-1"},"canonical":"https:\/\/xn--maeva-zambon-ditticienne-pfcb.fr\/index.php\/qui-suis-je\/","og_locale":"en_US","og_type":"article","og_title":"Qui suis-je ? - Di\u00e9t\u00e9ticienne","og_description":"Adepte de la nutrition en pleine conscience et dipl\u00f4m\u00e9e d&#8217;Etat en tant que di\u00e9t\u00e9ticienne nutritionniste. Mon r\u00f4le est de vous aider \u00e0 atteindre vos objectifs en vous cr\u00e9ant des habitudes alimentaires saines et savoureuses qui sont tenables sur le long terme ! Car manger doit avant tout rester un plaisir, \u00e0 bas les r\u00e9gimes drastiques, &hellip; Continue reading \"Qui suis-je ?\"","og_url":"https:\/\/xn--maeva-zambon-ditticienne-pfcb.fr\/index.php\/qui-suis-je\/","og_site_name":"Di\u00e9t\u00e9ticienne","og_image":[{"url":"https:\/\/xn--maeva-zambon-ditticienne-pfcb.fr\/wp-content\/uploads\/2022\/03\/photo-au-cabinet-1.jpg?w=749"}],"twitter_card":"summary_large_image","schema":{"@context":"https:\/\/schema.org","@graph":[{"@type":"WebPage","@id":"https:\/\/xn--maeva-zambon-ditticienne-pfcb.fr\/index.php\/qui-suis-je\/","url":"https:\/\/xn--maeva-zambon-ditticienne-pfcb.fr\/index.php\/qui-suis-je\/","name":"Qui suis-je ? - Di\u00e9t\u00e9ticienne","isPartOf":{"@id":"https:\/\/xn--maeva-zambon-ditticienne-pfcb.fr\/#website"},"datePublished":"2022-02-20T15:36:25+00:00","dateModified":"2022-02-20T15:36:25+00:00","breadcrumb":{"@id":"https:\/\/xn--maeva-zambon-ditticienne-pfcb.fr\/index.php\/qui-suis-je\/#breadcrumb"},"inLanguage":"en-US","potentialAction":[{"@type":"ReadAction","target":["https:\/\/xn--maeva-zambon-ditticienne-pfcb.fr\/index.php\/qui-suis-je\/"]}]},{"@type":"BreadcrumbList","@id":"https:\/\/xn--maeva-zambon-ditticienne-pfcb.fr\/index.php\/qui-suis-je\/#breadcrumb","itemListElement":[{"@type":"ListItem","position":1,"name":"Home","item":"https:\/\/xn--maeva-zambon-ditticienne-pfcb.fr\/"},{"@type":"ListItem","position":2,"name":"Qui suis-je ?"}]},{"@type":"WebSite","@id":"https:\/\/xn--maeva-zambon-ditticienne-pfcb.fr\/#website","url":"https:\/\/xn--maeva-zambon-ditticienne-pfcb.fr\/","name":"Di\u00e9t\u00e9ticienne","description":"Maeva Zambon Di\u00e9t\u00e9ticienne-Nutritionniste ","potentialAction":[{"@type":"SearchAction","target":{"@type":"EntryPoint","urlTemplate":"https:\/\/xn--maeva-zambon-ditticienne-pfcb.fr\/?s={search_term_string}"},"query-input":"required name=search_term_string"}],"inLanguage":"en-US"}]}},"_links":{"self":[{"href":"https:\/\/xn--maeva-zambon-ditticienne-pfcb.fr\/index.php\/wp-json\/wp\/v2\/pages\/41","targetHints":{"allow":["GET"]}}],"collection":[{"href":"https:\/\/xn--maeva-zambon-ditticienne-pfcb.fr\/index.php\/wp-json\/wp\/v2\/pages"}],"about":[{"href":"https:\/\/xn--maeva-zambon-ditticienne-pfcb.fr\/index.php\/wp-json\/wp\/v2\/types\/page"}],"author":[{"embeddable":true,"href":"https:\/\/xn--maeva-zambon-ditticienne-pfcb.fr\/index.php\/wp-json\/wp\/v2\/users\/1"}],"replies":[{"embeddable":true,"href":"https:\/\/xn--maeva-zambon-ditticienne-pfcb.fr\/index.php\/wp-json\/wp\/v2\/comments?post=41"}],"version-history":[{"count":0,"href":"https:\/\/xn--maeva-zambon-ditticienne-pfcb.fr\/index.php\/wp-json\/wp\/v2\/pages\/41\/revisions"}],"wp:attachment":[{"href":"https:\/\/xn--maeva-zambon-ditticienne-pfcb.fr\/index.php\/wp-json\/wp\/v2\/media?parent=41"}],"curies":[{"name":"wp","href":"https:\/\/api.w.org\/{rel}","templated":true}]}}