{"id":346,"date":"2022-08-10T15:41:06","date_gmt":"2022-08-10T13:41:06","guid":{"rendered":"https:\/\/dieteticiennemaevazambon.wordpress.com\/?page_id=346"},"modified":"2023-08-20T01:11:22","modified_gmt":"2023-08-20T01:11:22","slug":"salade-de-lentilles-corail-et-boulgour","status":"publish","type":"page","link":"https:\/\/xn--maeva-zambon-ditticienne-pfcb.fr\/index.php\/salade-de-lentilles-corail-et-boulgour\/","title":{"rendered":"Salade de lentilles corail et boulgour"},"content":{"rendered":"\n<div style=\"height:100px\" aria-hidden=\"true\" class=\"wp-block-spacer\"><\/div>\n\n\n\n<figure class=\"wp-block-image size-large\"><img loading=\"lazy\" decoding=\"async\" width=\"525\" height=\"726\" src=\"https:\/\/i0.wp.com\/xn--maeva-zambon-ditticienne-pfcb.fr\/wp-content\/uploads\/2023\/08\/images-741x1024.webp?resize=525%2C726&#038;ssl=1\" alt=\"\" class=\"wp-image-1551\" srcset=\"https:\/\/i0.wp.com\/xn--maeva-zambon-ditticienne-pfcb.fr\/wp-content\/uploads\/2023\/08\/images-jpg.webp?resize=741%2C1024&amp;ssl=1 741w, https:\/\/i0.wp.com\/xn--maeva-zambon-ditticienne-pfcb.fr\/wp-content\/uploads\/2023\/08\/images-jpg.webp?resize=217%2C300&amp;ssl=1 217w, https:\/\/i0.wp.com\/xn--maeva-zambon-ditticienne-pfcb.fr\/wp-content\/uploads\/2023\/08\/images-jpg.webp?resize=768%2C1061&amp;ssl=1 768w, https:\/\/i0.wp.com\/xn--maeva-zambon-ditticienne-pfcb.fr\/wp-content\/uploads\/2023\/08\/images-jpg.webp?w=1086&amp;ssl=1 1086w\" sizes=\"auto, (max-width: 706px) 89vw, (max-width: 767px) 82vw, 740px\" data-recalc-dims=\"1\" \/><\/figure>\n\n\n\n<div style=\"height:100px\" aria-hidden=\"true\" class=\"wp-block-spacer\"><\/div>\n\n\n\n<h1 class=\"has-text-align-center wp-block-heading\"><strong>Ingr\u00e9dients<\/strong><\/h1>\n\n\n\n<p class=\"has-text-align-center\">Lentilles corail <\/p>\n\n\n\n<p class=\"has-text-align-center\">Boulghour (ou Riz)<\/p>\n\n\n\n<p class=\"has-text-align-center\">Oignons verts (c\u00e9bette) et oignon rouge<\/p>\n\n\n\n<p class=\"has-text-align-center\">Gousse d\u2019ail<\/p>\n\n\n\n<p class=\"has-text-align-center\">Tomates <\/p>\n\n\n\n<p class=\"has-text-align-center\">Coriandre, aneth et menthe fraiche<\/p>\n\n\n\n<p class=\"has-text-align-center\">Sel, poivre <\/p>\n\n\n\n<p class=\"has-text-align-center\">Jus de citron <\/p>\n\n\n\n<p class=\"has-text-align-center\">Huile d\u2019olive<\/p>\n\n\n\n<h1 class=\"has-text-align-center wp-block-heading\"><strong>Recette<\/strong><\/h1>\n\n\n\n<p class=\"has-text-align-center\">Faites cuire les lentilles corail 7-8min dans de l&#8217;eau bouillante, en m\u00eame temps le boulgour pendant 10-12min. <\/p>\n\n\n\n<p class=\"has-text-align-center\">Egoutter les pr\u00e9parations. <\/p>\n\n\n\n<p class=\"has-text-align-center\">D\u00e9couper les oignons vert, rouge et les tomates finement. Ainsi que les herbes fraiches. <\/p>\n\n\n\n<p class=\"has-text-align-center\">Ajouter les oignons, les tomates et les herbes aux lentilles et boulgour. <\/p>\n\n\n\n<p class=\"has-text-align-center\">Pr\u00e9parer une vinaigrette avec le jus de citron, l&#8217;huile d&#8217;olive, le vinaigre et\/ou la moutarde, du sel du poivre. <\/p>\n\n\n\n<p class=\"has-text-align-center\">Pour une meilleure conservation ajouter la vinaigrette a la derni\u00e8re minute.<\/p>\n\n\n\n<p><\/p>\n\n\n\n<p><\/p>\n\n\n\n<div class=\"wp-block-group\"><div class=\"wp-block-group__inner-container is-layout-flow wp-block-group-is-layout-flow\">\n<p class=\"has-text-align-center\">Pour mes patients : vous pourrez adapter les quantit\u00e9s en fonction du programme que je vous ai envoy\u00e9 \u00e0 l\u2019issu de notre premier entretien.<\/p>\n\n\n\n<p class=\"has-text-align-center\">Pour les visiteurs de mon site : si vous souhaitez connaitre les quantit\u00e9s adapt\u00e9es \u00e0 vos besoins \u00e9nerg\u00e9tiques ainsi qu\u2019\u00e0 vos objectifs, n\u2019h\u00e9sitez pas \u00e0 me contacter par t\u00e9l\u00e9phone au <strong><span style=\"text-decoration:underline;\">06 73 96 21 34<\/span><\/strong><\/p>\n\n\n\n<p class=\"has-text-align-center\">Ou prendre rendez vous directement sur Doctolib :<\/p>\n\n\n\n<p class=\"has-text-align-center\"><span style=\"text-decoration:underline;\"><strong>&nbsp;<\/strong><\/span><strong><a rel=\"noreferrer noopener\" href=\"https:\/\/www.doctolib.fr\/dieteticien\/paris\/maeva-zambon\" target=\"_blank\">https:\/\/www.doctolib.fr\/dieteticien\/paris\/maeva-zambon<\/a><\/strong><\/p>\n<\/div><\/div>\n","protected":false},"excerpt":{"rendered":"<p>Ingr\u00e9dients Lentilles corail Boulghour (ou Riz) Oignons verts (c\u00e9bette) et oignon rouge Gousse d\u2019ail Tomates Coriandre, aneth et menthe fraiche Sel, poivre Jus de citron Huile d\u2019olive Recette Faites cuire les lentilles corail 7-8min dans de l&#8217;eau bouillante, en m\u00eame temps le boulgour pendant 10-12min. Egoutter les pr\u00e9parations. D\u00e9couper les oignons vert, rouge et les &hellip; <\/p>\n<p class=\"link-more\"><a href=\"https:\/\/xn--maeva-zambon-ditticienne-pfcb.fr\/index.php\/salade-de-lentilles-corail-et-boulgour\/\" class=\"more-link\">Continue reading<span class=\"screen-reader-text\"> &#8220;Salade de lentilles corail et boulgour&#8221;<\/span><\/a><\/p>\n","protected":false},"author":1,"featured_media":0,"parent":0,"menu_order":0,"comment_status":"closed","ping_status":"closed","template":"","meta":{"footnotes":""},"class_list":["post-346","page","type-page","status-publish","hentry"],"yoast_head":"<!-- This site is optimized with the Yoast SEO plugin v22.0 - https:\/\/yoast.com\/wordpress\/plugins\/seo\/ -->\n<title>Salade de lentilles corail et boulgour - Di\u00e9t\u00e9ticienne<\/title>\n<meta name=\"robots\" content=\"index, follow, max-snippet:-1, max-image-preview:large, max-video-preview:-1\" \/>\n<link rel=\"canonical\" href=\"https:\/\/xn--maeva-zambon-ditticienne-pfcb.fr\/index.php\/salade-de-lentilles-corail-et-boulgour\/\" \/>\n<meta property=\"og:locale\" content=\"en_US\" \/>\n<meta property=\"og:type\" content=\"article\" \/>\n<meta property=\"og:title\" content=\"Salade de lentilles corail et boulgour - Di\u00e9t\u00e9ticienne\" \/>\n<meta property=\"og:description\" content=\"Ingr\u00e9dients Lentilles corail Boulghour (ou Riz) Oignons verts (c\u00e9bette) et oignon rouge Gousse d\u2019ail Tomates Coriandre, aneth et menthe fraiche Sel, poivre Jus de citron Huile d\u2019olive Recette Faites cuire les lentilles corail 7-8min dans de l&#8217;eau bouillante, en m\u00eame temps le boulgour pendant 10-12min. Egoutter les pr\u00e9parations. D\u00e9couper les oignons vert, rouge et les &hellip; Continue reading &quot;Salade de lentilles corail et boulgour&quot;\" \/>\n<meta property=\"og:url\" content=\"https:\/\/xn--maeva-zambon-ditticienne-pfcb.fr\/index.php\/salade-de-lentilles-corail-et-boulgour\/\" \/>\n<meta property=\"og:site_name\" content=\"Di\u00e9t\u00e9ticienne\" \/>\n<meta property=\"article:modified_time\" content=\"2023-08-20T01:11:22+00:00\" \/>\n<meta property=\"og:image\" content=\"https:\/\/xn--maeva-zambon-ditticienne-pfcb.fr\/wp-content\/uploads\/2023\/08\/images-741x1024.webp\" \/>\n<meta name=\"twitter:card\" content=\"summary_large_image\" \/>\n<meta name=\"twitter:label1\" content=\"Est. reading time\" \/>\n\t<meta name=\"twitter:data1\" content=\"1 minute\" \/>\n<script type=\"application\/ld+json\" class=\"yoast-schema-graph\">{\"@context\":\"https:\/\/schema.org\",\"@graph\":[{\"@type\":\"WebPage\",\"@id\":\"https:\/\/xn--maeva-zambon-ditticienne-pfcb.fr\/index.php\/salade-de-lentilles-corail-et-boulgour\/\",\"url\":\"https:\/\/xn--maeva-zambon-ditticienne-pfcb.fr\/index.php\/salade-de-lentilles-corail-et-boulgour\/\",\"name\":\"Salade de lentilles corail et boulgour - Di\u00e9t\u00e9ticienne\",\"isPartOf\":{\"@id\":\"https:\/\/xn--maeva-zambon-ditticienne-pfcb.fr\/#website\"},\"datePublished\":\"2022-08-10T13:41:06+00:00\",\"dateModified\":\"2023-08-20T01:11:22+00:00\",\"breadcrumb\":{\"@id\":\"https:\/\/xn--maeva-zambon-ditticienne-pfcb.fr\/index.php\/salade-de-lentilles-corail-et-boulgour\/#breadcrumb\"},\"inLanguage\":\"en-US\",\"potentialAction\":[{\"@type\":\"ReadAction\",\"target\":[\"https:\/\/xn--maeva-zambon-ditticienne-pfcb.fr\/index.php\/salade-de-lentilles-corail-et-boulgour\/\"]}]},{\"@type\":\"BreadcrumbList\",\"@id\":\"https:\/\/xn--maeva-zambon-ditticienne-pfcb.fr\/index.php\/salade-de-lentilles-corail-et-boulgour\/#breadcrumb\",\"itemListElement\":[{\"@type\":\"ListItem\",\"position\":1,\"name\":\"Home\",\"item\":\"https:\/\/xn--maeva-zambon-ditticienne-pfcb.fr\/\"},{\"@type\":\"ListItem\",\"position\":2,\"name\":\"Salade de lentilles corail et boulgour\"}]},{\"@type\":\"WebSite\",\"@id\":\"https:\/\/xn--maeva-zambon-ditticienne-pfcb.fr\/#website\",\"url\":\"https:\/\/xn--maeva-zambon-ditticienne-pfcb.fr\/\",\"name\":\"Di\u00e9t\u00e9ticienne\",\"description\":\"Maeva Zambon Di\u00e9t\u00e9ticienne-Nutritionniste \",\"potentialAction\":[{\"@type\":\"SearchAction\",\"target\":{\"@type\":\"EntryPoint\",\"urlTemplate\":\"https:\/\/xn--maeva-zambon-ditticienne-pfcb.fr\/?s={search_term_string}\"},\"query-input\":\"required name=search_term_string\"}],\"inLanguage\":\"en-US\"}]}<\/script>\n<!-- \/ Yoast SEO plugin. -->","yoast_head_json":{"title":"Salade de lentilles corail et boulgour - Di\u00e9t\u00e9ticienne","robots":{"index":"index","follow":"follow","max-snippet":"max-snippet:-1","max-image-preview":"max-image-preview:large","max-video-preview":"max-video-preview:-1"},"canonical":"https:\/\/xn--maeva-zambon-ditticienne-pfcb.fr\/index.php\/salade-de-lentilles-corail-et-boulgour\/","og_locale":"en_US","og_type":"article","og_title":"Salade de lentilles corail et boulgour - Di\u00e9t\u00e9ticienne","og_description":"Ingr\u00e9dients Lentilles corail Boulghour (ou Riz) Oignons verts (c\u00e9bette) et oignon rouge Gousse d\u2019ail Tomates Coriandre, aneth et menthe fraiche Sel, poivre Jus de citron Huile d\u2019olive Recette Faites cuire les lentilles corail 7-8min dans de l&#8217;eau bouillante, en m\u00eame temps le boulgour pendant 10-12min. Egoutter les pr\u00e9parations. D\u00e9couper les oignons vert, rouge et les &hellip; Continue reading \"Salade de lentilles corail et boulgour\"","og_url":"https:\/\/xn--maeva-zambon-ditticienne-pfcb.fr\/index.php\/salade-de-lentilles-corail-et-boulgour\/","og_site_name":"Di\u00e9t\u00e9ticienne","article_modified_time":"2023-08-20T01:11:22+00:00","og_image":[{"url":"https:\/\/xn--maeva-zambon-ditticienne-pfcb.fr\/wp-content\/uploads\/2023\/08\/images-741x1024.webp"}],"twitter_card":"summary_large_image","twitter_misc":{"Est. reading time":"1 minute"},"schema":{"@context":"https:\/\/schema.org","@graph":[{"@type":"WebPage","@id":"https:\/\/xn--maeva-zambon-ditticienne-pfcb.fr\/index.php\/salade-de-lentilles-corail-et-boulgour\/","url":"https:\/\/xn--maeva-zambon-ditticienne-pfcb.fr\/index.php\/salade-de-lentilles-corail-et-boulgour\/","name":"Salade de lentilles corail et boulgour - Di\u00e9t\u00e9ticienne","isPartOf":{"@id":"https:\/\/xn--maeva-zambon-ditticienne-pfcb.fr\/#website"},"datePublished":"2022-08-10T13:41:06+00:00","dateModified":"2023-08-20T01:11:22+00:00","breadcrumb":{"@id":"https:\/\/xn--maeva-zambon-ditticienne-pfcb.fr\/index.php\/salade-de-lentilles-corail-et-boulgour\/#breadcrumb"},"inLanguage":"en-US","potentialAction":[{"@type":"ReadAction","target":["https:\/\/xn--maeva-zambon-ditticienne-pfcb.fr\/index.php\/salade-de-lentilles-corail-et-boulgour\/"]}]},{"@type":"BreadcrumbList","@id":"https:\/\/xn--maeva-zambon-ditticienne-pfcb.fr\/index.php\/salade-de-lentilles-corail-et-boulgour\/#breadcrumb","itemListElement":[{"@type":"ListItem","position":1,"name":"Home","item":"https:\/\/xn--maeva-zambon-ditticienne-pfcb.fr\/"},{"@type":"ListItem","position":2,"name":"Salade de lentilles corail et boulgour"}]},{"@type":"WebSite","@id":"https:\/\/xn--maeva-zambon-ditticienne-pfcb.fr\/#website","url":"https:\/\/xn--maeva-zambon-ditticienne-pfcb.fr\/","name":"Di\u00e9t\u00e9ticienne","description":"Maeva Zambon Di\u00e9t\u00e9ticienne-Nutritionniste ","potentialAction":[{"@type":"SearchAction","target":{"@type":"EntryPoint","urlTemplate":"https:\/\/xn--maeva-zambon-ditticienne-pfcb.fr\/?s={search_term_string}"},"query-input":"required name=search_term_string"}],"inLanguage":"en-US"}]}},"_links":{"self":[{"href":"https:\/\/xn--maeva-zambon-ditticienne-pfcb.fr\/index.php\/wp-json\/wp\/v2\/pages\/346","targetHints":{"allow":["GET"]}}],"collection":[{"href":"https:\/\/xn--maeva-zambon-ditticienne-pfcb.fr\/index.php\/wp-json\/wp\/v2\/pages"}],"about":[{"href":"https:\/\/xn--maeva-zambon-ditticienne-pfcb.fr\/index.php\/wp-json\/wp\/v2\/types\/page"}],"author":[{"embeddable":true,"href":"https:\/\/xn--maeva-zambon-ditticienne-pfcb.fr\/index.php\/wp-json\/wp\/v2\/users\/1"}],"replies":[{"embeddable":true,"href":"https:\/\/xn--maeva-zambon-ditticienne-pfcb.fr\/index.php\/wp-json\/wp\/v2\/comments?post=346"}],"version-history":[{"count":2,"href":"https:\/\/xn--maeva-zambon-ditticienne-pfcb.fr\/index.php\/wp-json\/wp\/v2\/pages\/346\/revisions"}],"predecessor-version":[{"id":1552,"href":"https:\/\/xn--maeva-zambon-ditticienne-pfcb.fr\/index.php\/wp-json\/wp\/v2\/pages\/346\/revisions\/1552"}],"wp:attachment":[{"href":"https:\/\/xn--maeva-zambon-ditticienne-pfcb.fr\/index.php\/wp-json\/wp\/v2\/media?parent=346"}],"curies":[{"name":"wp","href":"https:\/\/api.w.org\/{rel}","templated":true}]}}