{"id":339,"date":"2022-08-10T15:40:59","date_gmt":"2022-08-10T13:40:59","guid":{"rendered":"https:\/\/dieteticiennemaevazambon.wordpress.com\/?page_id=339"},"modified":"2023-08-11T16:25:27","modified_gmt":"2023-08-11T16:25:27","slug":"recettes","status":"publish","type":"page","link":"https:\/\/xn--maeva-zambon-ditticienne-pfcb.fr\/index.php\/recettes\/","title":{"rendered":"Recettes"},"content":{"rendered":"\n<div style=\"height:0px\" aria-hidden=\"true\" class=\"wp-block-spacer\"><\/div>\n\n\n\n<div style=\"height:100px\" aria-hidden=\"true\" class=\"wp-block-spacer\"><\/div>\n\n\n\n<figure class=\"wp-block-image size-large\"><img decoding=\"async\" src=\"https:\/\/i0.wp.com\/images.rtl.fr\/~c\/2000v2000\/rtl\/www\/1166377-cuisiner-le-week-end-pour-la-semaine.jpg?w=525&#038;ssl=1\" alt=\"\" data-recalc-dims=\"1\"\/><\/figure>\n\n\n\n<div style=\"height:100px\" aria-hidden=\"true\" class=\"wp-block-spacer\"><\/div>\n\n\n\n<p class=\"has-text-align-center\">Vous trouverez ici de nombreuses recettes \u00e9quilibr\u00e9es et savoureuses, qui s&#8217;adapteront parfaitement \u00e0 vos objectifs. <\/p>\n\n\n\n<p><\/p>\n\n\n\n<p class=\"has-text-align-center\">J&#8217;ai d\u00e9lib\u00e9r\u00e9ment inscrit aucune quantit\u00e9, car celles-ci varient d&#8217;un individu \u00e0 l&#8217;autre en fonction :<\/p>\n\n\n\n<ul class=\"wp-block-list\">\n<li>De vos besoins \u00e9nerg\u00e9tiques d\u00e9termin\u00e9s par votre \u00e2ge, vos d\u00e9penses physiques, votre activit\u00e9 sportive, votre pathologie (si vous en avez une).<\/li>\n\n\n\n<li>Et de vos objectifs : de perte ou prise de poids, d&#8217;am\u00e9lioration de votre confort digestif, d&#8217;atteinte de performances sportives, de disparition de troubles alimentaires ou tout autre objectif ayant pour but d&#8217;am\u00e9liorer votre sant\u00e9, votre qualit\u00e9 de vie ainsi que votre rapport \u00e0 votre corps et votre alimentation.<\/li>\n<\/ul>\n\n\n\n<p class=\"has-text-align-center\">Pour mes patients : vous pourrez adapter les quantit\u00e9s en fonction du programme que je vous ai envoy\u00e9 par e-mail \u00e0 l&#8217;issu de notre premier entretien.<\/p>\n\n\n\n<p class=\"has-text-align-center\">Pour les visiteurs de mon site : si vous souhaitez connaitre les quantit\u00e9s adapt\u00e9es \u00e0 vos besoins \u00e9nerg\u00e9tiques ainsi qu&#8217;\u00e0 vos objectifs, n&#8217;h\u00e9sitez pas \u00e0 me contacter par t\u00e9l\u00e9phone au 06 73 96 21 34<\/p>\n\n\n\n<p class=\"has-text-align-center\"><\/p>\n\n\n\n<div style=\"height:100px\" aria-hidden=\"true\" class=\"wp-block-spacer\"><\/div>\n\n\n\n<p><a href=\"https:\/\/xn--maeva-zambon-ditticienne-pfcb.fr\/index.php\/deroulement-des-consultations\/\">D\u00e9roulement des consultation et tarifs<\/a><\/p>\n\n\n\n<p><\/p>\n\n\n\n<p><\/p>\n","protected":false},"excerpt":{"rendered":"<p>Vous trouverez ici de nombreuses recettes \u00e9quilibr\u00e9es et savoureuses, qui s&#8217;adapteront parfaitement \u00e0 vos objectifs. J&#8217;ai d\u00e9lib\u00e9r\u00e9ment inscrit aucune quantit\u00e9, car celles-ci varient d&#8217;un individu \u00e0 l&#8217;autre en fonction : Pour mes patients : vous pourrez adapter les quantit\u00e9s en fonction du programme que je vous ai envoy\u00e9 par e-mail \u00e0 l&#8217;issu de notre premier &hellip; <\/p>\n<p class=\"link-more\"><a href=\"https:\/\/xn--maeva-zambon-ditticienne-pfcb.fr\/index.php\/recettes\/\" class=\"more-link\">Continue reading<span class=\"screen-reader-text\"> &#8220;Recettes&#8221;<\/span><\/a><\/p>\n","protected":false},"author":1,"featured_media":0,"parent":0,"menu_order":0,"comment_status":"closed","ping_status":"closed","template":"","meta":{"footnotes":""},"class_list":["post-339","page","type-page","status-publish","hentry"],"yoast_head":"<!-- This site is optimized with the Yoast SEO plugin v22.0 - https:\/\/yoast.com\/wordpress\/plugins\/seo\/ -->\n<title>Recettes - Di\u00e9t\u00e9ticienne<\/title>\n<meta name=\"robots\" content=\"index, follow, max-snippet:-1, max-image-preview:large, max-video-preview:-1\" \/>\n<link rel=\"canonical\" href=\"https:\/\/xn--maeva-zambon-ditticienne-pfcb.fr\/index.php\/recettes\/\" \/>\n<meta property=\"og:locale\" content=\"en_US\" \/>\n<meta property=\"og:type\" content=\"article\" \/>\n<meta property=\"og:title\" content=\"Recettes - Di\u00e9t\u00e9ticienne\" \/>\n<meta property=\"og:description\" content=\"Vous trouverez ici de nombreuses recettes \u00e9quilibr\u00e9es et savoureuses, qui s&#8217;adapteront parfaitement \u00e0 vos objectifs. J&#8217;ai d\u00e9lib\u00e9r\u00e9ment inscrit aucune quantit\u00e9, car celles-ci varient d&#8217;un individu \u00e0 l&#8217;autre en fonction : Pour mes patients : vous pourrez adapter les quantit\u00e9s en fonction du programme que je vous ai envoy\u00e9 par e-mail \u00e0 l&#8217;issu de notre premier &hellip; Continue reading &quot;Recettes&quot;\" \/>\n<meta property=\"og:url\" content=\"https:\/\/xn--maeva-zambon-ditticienne-pfcb.fr\/index.php\/recettes\/\" \/>\n<meta property=\"og:site_name\" content=\"Di\u00e9t\u00e9ticienne\" \/>\n<meta property=\"article:modified_time\" content=\"2023-08-11T16:25:27+00:00\" \/>\n<meta property=\"og:image\" content=\"https:\/\/images.rtl.fr\/~c\/2000v2000\/rtl\/www\/1166377-cuisiner-le-week-end-pour-la-semaine.jpg\" \/>\n<meta name=\"twitter:card\" content=\"summary_large_image\" \/>\n<meta name=\"twitter:label1\" content=\"Est. reading time\" \/>\n\t<meta name=\"twitter:data1\" content=\"1 minute\" \/>\n<script type=\"application\/ld+json\" class=\"yoast-schema-graph\">{\"@context\":\"https:\/\/schema.org\",\"@graph\":[{\"@type\":\"WebPage\",\"@id\":\"https:\/\/xn--maeva-zambon-ditticienne-pfcb.fr\/index.php\/recettes\/\",\"url\":\"https:\/\/xn--maeva-zambon-ditticienne-pfcb.fr\/index.php\/recettes\/\",\"name\":\"Recettes - Di\u00e9t\u00e9ticienne\",\"isPartOf\":{\"@id\":\"https:\/\/xn--maeva-zambon-ditticienne-pfcb.fr\/#website\"},\"datePublished\":\"2022-08-10T13:40:59+00:00\",\"dateModified\":\"2023-08-11T16:25:27+00:00\",\"breadcrumb\":{\"@id\":\"https:\/\/xn--maeva-zambon-ditticienne-pfcb.fr\/index.php\/recettes\/#breadcrumb\"},\"inLanguage\":\"en-US\",\"potentialAction\":[{\"@type\":\"ReadAction\",\"target\":[\"https:\/\/xn--maeva-zambon-ditticienne-pfcb.fr\/index.php\/recettes\/\"]}]},{\"@type\":\"BreadcrumbList\",\"@id\":\"https:\/\/xn--maeva-zambon-ditticienne-pfcb.fr\/index.php\/recettes\/#breadcrumb\",\"itemListElement\":[{\"@type\":\"ListItem\",\"position\":1,\"name\":\"Home\",\"item\":\"https:\/\/xn--maeva-zambon-ditticienne-pfcb.fr\/\"},{\"@type\":\"ListItem\",\"position\":2,\"name\":\"Recettes\"}]},{\"@type\":\"WebSite\",\"@id\":\"https:\/\/xn--maeva-zambon-ditticienne-pfcb.fr\/#website\",\"url\":\"https:\/\/xn--maeva-zambon-ditticienne-pfcb.fr\/\",\"name\":\"Di\u00e9t\u00e9ticienne\",\"description\":\"Maeva Zambon Di\u00e9t\u00e9ticienne-Nutritionniste \",\"potentialAction\":[{\"@type\":\"SearchAction\",\"target\":{\"@type\":\"EntryPoint\",\"urlTemplate\":\"https:\/\/xn--maeva-zambon-ditticienne-pfcb.fr\/?s={search_term_string}\"},\"query-input\":\"required name=search_term_string\"}],\"inLanguage\":\"en-US\"}]}<\/script>\n<!-- \/ Yoast SEO plugin. -->","yoast_head_json":{"title":"Recettes - Di\u00e9t\u00e9ticienne","robots":{"index":"index","follow":"follow","max-snippet":"max-snippet:-1","max-image-preview":"max-image-preview:large","max-video-preview":"max-video-preview:-1"},"canonical":"https:\/\/xn--maeva-zambon-ditticienne-pfcb.fr\/index.php\/recettes\/","og_locale":"en_US","og_type":"article","og_title":"Recettes - Di\u00e9t\u00e9ticienne","og_description":"Vous trouverez ici de nombreuses recettes \u00e9quilibr\u00e9es et savoureuses, qui s&#8217;adapteront parfaitement \u00e0 vos objectifs. J&#8217;ai d\u00e9lib\u00e9r\u00e9ment inscrit aucune quantit\u00e9, car celles-ci varient d&#8217;un individu \u00e0 l&#8217;autre en fonction : Pour mes patients : vous pourrez adapter les quantit\u00e9s en fonction du programme que je vous ai envoy\u00e9 par e-mail \u00e0 l&#8217;issu de notre premier &hellip; Continue reading \"Recettes\"","og_url":"https:\/\/xn--maeva-zambon-ditticienne-pfcb.fr\/index.php\/recettes\/","og_site_name":"Di\u00e9t\u00e9ticienne","article_modified_time":"2023-08-11T16:25:27+00:00","og_image":[{"url":"https:\/\/images.rtl.fr\/~c\/2000v2000\/rtl\/www\/1166377-cuisiner-le-week-end-pour-la-semaine.jpg"}],"twitter_card":"summary_large_image","twitter_misc":{"Est. reading time":"1 minute"},"schema":{"@context":"https:\/\/schema.org","@graph":[{"@type":"WebPage","@id":"https:\/\/xn--maeva-zambon-ditticienne-pfcb.fr\/index.php\/recettes\/","url":"https:\/\/xn--maeva-zambon-ditticienne-pfcb.fr\/index.php\/recettes\/","name":"Recettes - Di\u00e9t\u00e9ticienne","isPartOf":{"@id":"https:\/\/xn--maeva-zambon-ditticienne-pfcb.fr\/#website"},"datePublished":"2022-08-10T13:40:59+00:00","dateModified":"2023-08-11T16:25:27+00:00","breadcrumb":{"@id":"https:\/\/xn--maeva-zambon-ditticienne-pfcb.fr\/index.php\/recettes\/#breadcrumb"},"inLanguage":"en-US","potentialAction":[{"@type":"ReadAction","target":["https:\/\/xn--maeva-zambon-ditticienne-pfcb.fr\/index.php\/recettes\/"]}]},{"@type":"BreadcrumbList","@id":"https:\/\/xn--maeva-zambon-ditticienne-pfcb.fr\/index.php\/recettes\/#breadcrumb","itemListElement":[{"@type":"ListItem","position":1,"name":"Home","item":"https:\/\/xn--maeva-zambon-ditticienne-pfcb.fr\/"},{"@type":"ListItem","position":2,"name":"Recettes"}]},{"@type":"WebSite","@id":"https:\/\/xn--maeva-zambon-ditticienne-pfcb.fr\/#website","url":"https:\/\/xn--maeva-zambon-ditticienne-pfcb.fr\/","name":"Di\u00e9t\u00e9ticienne","description":"Maeva Zambon Di\u00e9t\u00e9ticienne-Nutritionniste ","potentialAction":[{"@type":"SearchAction","target":{"@type":"EntryPoint","urlTemplate":"https:\/\/xn--maeva-zambon-ditticienne-pfcb.fr\/?s={search_term_string}"},"query-input":"required name=search_term_string"}],"inLanguage":"en-US"}]}},"_links":{"self":[{"href":"https:\/\/xn--maeva-zambon-ditticienne-pfcb.fr\/index.php\/wp-json\/wp\/v2\/pages\/339","targetHints":{"allow":["GET"]}}],"collection":[{"href":"https:\/\/xn--maeva-zambon-ditticienne-pfcb.fr\/index.php\/wp-json\/wp\/v2\/pages"}],"about":[{"href":"https:\/\/xn--maeva-zambon-ditticienne-pfcb.fr\/index.php\/wp-json\/wp\/v2\/types\/page"}],"author":[{"embeddable":true,"href":"https:\/\/xn--maeva-zambon-ditticienne-pfcb.fr\/index.php\/wp-json\/wp\/v2\/users\/1"}],"replies":[{"embeddable":true,"href":"https:\/\/xn--maeva-zambon-ditticienne-pfcb.fr\/index.php\/wp-json\/wp\/v2\/comments?post=339"}],"version-history":[{"count":2,"href":"https:\/\/xn--maeva-zambon-ditticienne-pfcb.fr\/index.php\/wp-json\/wp\/v2\/pages\/339\/revisions"}],"predecessor-version":[{"id":1014,"href":"https:\/\/xn--maeva-zambon-ditticienne-pfcb.fr\/index.php\/wp-json\/wp\/v2\/pages\/339\/revisions\/1014"}],"wp:attachment":[{"href":"https:\/\/xn--maeva-zambon-ditticienne-pfcb.fr\/index.php\/wp-json\/wp\/v2\/media?parent=339"}],"curies":[{"name":"wp","href":"https:\/\/api.w.org\/{rel}","templated":true}]}}