{"id":254,"date":"2022-04-12T16:57:10","date_gmt":"2022-04-12T14:57:10","guid":{"rendered":"https:\/\/dieteticiennemaevazambon.wordpress.com\/?page_id=254"},"modified":"2023-09-01T15:05:20","modified_gmt":"2023-09-01T15:05:20","slug":"femme-enceinte","status":"publish","type":"page","link":"https:\/\/xn--maeva-zambon-ditticienne-pfcb.fr\/index.php\/femme-enceinte\/","title":{"rendered":"Femme enceinte"},"content":{"rendered":"\n<div style=\"height:100px\" aria-hidden=\"true\" class=\"wp-block-spacer\"><\/div>\n\n\n\n<figure class=\"wp-block-image size-full\"><img loading=\"lazy\" decoding=\"async\" width=\"525\" height=\"263\" src=\"https:\/\/i0.wp.com\/xn--maeva-zambon-ditticienne-pfcb.fr\/wp-content\/uploads\/2023\/08\/vegetarienne-et-enceinte-puis-je-poursuivre-mon-regime-lors-de-la-grossesse-jpeg.webp?resize=525%2C263&#038;ssl=1\" alt=\"Femme enceinte\nGrossesse \nAlimentation pour femme enceinte\nNutrition femme enceinte\" class=\"wp-image-1518\" srcset=\"https:\/\/i0.wp.com\/xn--maeva-zambon-ditticienne-pfcb.fr\/wp-content\/uploads\/2023\/08\/vegetarienne-et-enceinte-puis-je-poursuivre-mon-regime-lors-de-la-grossesse-jpeg.webp?w=970&amp;ssl=1 970w, https:\/\/i0.wp.com\/xn--maeva-zambon-ditticienne-pfcb.fr\/wp-content\/uploads\/2023\/08\/vegetarienne-et-enceinte-puis-je-poursuivre-mon-regime-lors-de-la-grossesse-jpeg.webp?resize=300%2C150&amp;ssl=1 300w, https:\/\/i0.wp.com\/xn--maeva-zambon-ditticienne-pfcb.fr\/wp-content\/uploads\/2023\/08\/vegetarienne-et-enceinte-puis-je-poursuivre-mon-regime-lors-de-la-grossesse-jpeg.webp?resize=768%2C384&amp;ssl=1 768w\" sizes=\"auto, (max-width: 767px) 89vw, (max-width: 1000px) 54vw, (max-width: 1071px) 543px, 580px\" data-recalc-dims=\"1\" \/><\/figure>\n\n\n\n<div style=\"height:100px\" aria-hidden=\"true\" class=\"wp-block-spacer\"><\/div>\n\n\n\n<h2 class=\"wp-block-heading\">Femme enceinte<\/h2>\n\n\n\n<p>Vous attendez un heureux \u00e9v\u00e9nement et vous souhaitez prendre soin de votre sant\u00e9 et de celle de votre b\u00e9b\u00e9 ? <\/p>\n\n\n\n<p>La nutrition joue un r\u00f4le essentiel pendant la grossesse. En effet, une alimentation \u00e9quilibr\u00e9e et adapt\u00e9e \u00e0 vos besoins de femme enceinte vous permettra de :<\/p>\n\n\n\n<ul class=\"wp-block-list\">\n<li>Favoriser le d\u00e9veloppement harmonieux de votre enfant<\/li>\n\n\n\n<li>Pr\u00e9venir les carences et les complications li\u00e9es \u00e0 la grossesse<\/li>\n\n\n\n<li>G\u00e9rer votre prise de poids et \u00e9viter les troubles digestifs<\/li>\n\n\n\n<li>Renforcer votre immunit\u00e9 et votre vitalit\u00e9<\/li>\n\n\n\n<li>Pr\u00e9parer votre corps \u00e0 l\u2019allaitement<\/li>\n<\/ul>\n\n\n\n<h2 class=\"wp-block-heading\">L&#8217;alimentation au cours de la grossesse<\/h2>\n\n\n\n<p>Souhaitez vous savoir ce que vous devez manger, en quelle quantit\u00e9 et \u00e0 quelle fr\u00e9quence ?<\/p>\n\n\n\n<p> Aimeriez vous des astuces pour faire face aux envies, aux naus\u00e9es ou aux reflux ? <\/p>\n\n\n\n<p>Comment composer des menus vari\u00e9s et gourmands sans passer des heures en cuisine ?<\/p>\n\n\n\n<p>C\u2019est l\u00e0 que je peux vous accompagner ! En tant que professionnel de la nutrition, je vous propose un suivi personnalis\u00e9 et adapt\u00e9 \u00e0 votre profil, \u00e0 vos besoins et \u00e0 vos go\u00fbts. Je vous conseille sur les aliments \u00e0 privil\u00e9gier, \u00e0 limiter ou \u00e0 \u00e9viter, en tenant compte des recommandations officielles et des derni\u00e8res avanc\u00e9es scientifiques. Je vous aide \u00e0 planifier vos repas et \u00e0 faire vos courses, en vous donnant des astuces pratiques et des recettes simples et savoureuses. Je vous soutiens tout au long de votre grossesse, en r\u00e9pondant \u00e0 vos questions et en vous rassurant sur votre alimentation.<\/p>\n\n\n\n<p>Si vous souhaitez b\u00e9n\u00e9ficier de mes services, n\u2019h\u00e9sitez pas \u00e0 me contacter pour prendre rendez-vous. Je serai ravie de vous accompagner dans cette belle aventure qu\u2019est la maternit\u00e9 !<\/p>\n\n\n\n<div style=\"height:100px\" aria-hidden=\"true\" class=\"wp-block-spacer\"><\/div>\n\n\n\n<div class=\"wp-block-buttons is-content-justification-center is-layout-flex wp-container-core-buttons-is-layout-16018d1d wp-block-buttons-is-layout-flex\">\n<div class=\"wp-block-button\"><a class=\"wp-block-button__link wp-element-button\" href=\"https:\/\/xn--maeva-zambon-ditticienne-pfcb.fr\/index.php\/deroulement-des-consultations\/\">D\u00e9roulement des consultations et tarifs<\/a><\/div>\n<\/div>\n\n\n\n<p><\/p>\n","protected":false},"excerpt":{"rendered":"<p>Femme enceinte Vous attendez un heureux \u00e9v\u00e9nement et vous souhaitez prendre soin de votre sant\u00e9 et de celle de votre b\u00e9b\u00e9 ? La nutrition joue un r\u00f4le essentiel pendant la grossesse. En effet, une alimentation \u00e9quilibr\u00e9e et adapt\u00e9e \u00e0 vos besoins de femme enceinte vous permettra de : L&#8217;alimentation au cours de la grossesse Souhaitez &hellip; <\/p>\n<p class=\"link-more\"><a href=\"https:\/\/xn--maeva-zambon-ditticienne-pfcb.fr\/index.php\/femme-enceinte\/\" class=\"more-link\">Continue reading<span class=\"screen-reader-text\"> &#8220;Femme enceinte&#8221;<\/span><\/a><\/p>\n","protected":false},"author":1,"featured_media":0,"parent":0,"menu_order":0,"comment_status":"closed","ping_status":"closed","template":"","meta":{"footnotes":""},"class_list":["post-254","page","type-page","status-publish","hentry"],"yoast_head":"<!-- This site is optimized with the Yoast SEO plugin v22.0 - https:\/\/yoast.com\/wordpress\/plugins\/seo\/ -->\n<title>Femme enceinte - Di\u00e9t\u00e9ticienne<\/title>\n<meta name=\"description\" content=\"Femme enceinte : Vous attendez un heureux \u00e9v\u00e9nement et vous souhaitez prendre soin de votre sant\u00e9 et de celle de votre b\u00e9b\u00e9 ?\" \/>\n<meta name=\"robots\" content=\"index, follow, max-snippet:-1, max-image-preview:large, max-video-preview:-1\" \/>\n<link rel=\"canonical\" href=\"https:\/\/xn--maeva-zambon-ditticienne-pfcb.fr\/index.php\/femme-enceinte\/\" \/>\n<meta property=\"og:locale\" content=\"en_US\" \/>\n<meta property=\"og:type\" content=\"article\" \/>\n<meta property=\"og:title\" content=\"Femme enceinte - Di\u00e9t\u00e9ticienne\" \/>\n<meta property=\"og:description\" content=\"Femme enceinte : Vous attendez un heureux \u00e9v\u00e9nement et vous souhaitez prendre soin de votre sant\u00e9 et de celle de votre b\u00e9b\u00e9 ?\" \/>\n<meta property=\"og:url\" content=\"https:\/\/xn--maeva-zambon-ditticienne-pfcb.fr\/index.php\/femme-enceinte\/\" \/>\n<meta property=\"og:site_name\" content=\"Di\u00e9t\u00e9ticienne\" \/>\n<meta property=\"article:modified_time\" content=\"2023-09-01T15:05:20+00:00\" \/>\n<meta property=\"og:image\" content=\"https:\/\/xn--maeva-zambon-ditticienne-pfcb.fr\/wp-content\/uploads\/2023\/08\/vegetarienne-et-enceinte-puis-je-poursuivre-mon-regime-lors-de-la-grossesse-jpeg.webp\" \/>\n<meta name=\"twitter:card\" content=\"summary_large_image\" \/>\n<meta name=\"twitter:label1\" content=\"Est. reading time\" \/>\n\t<meta name=\"twitter:data1\" content=\"2 minutes\" \/>\n<script type=\"application\/ld+json\" class=\"yoast-schema-graph\">{\"@context\":\"https:\/\/schema.org\",\"@graph\":[{\"@type\":\"WebPage\",\"@id\":\"https:\/\/xn--maeva-zambon-ditticienne-pfcb.fr\/index.php\/femme-enceinte\/\",\"url\":\"https:\/\/xn--maeva-zambon-ditticienne-pfcb.fr\/index.php\/femme-enceinte\/\",\"name\":\"Femme enceinte - Di\u00e9t\u00e9ticienne\",\"isPartOf\":{\"@id\":\"https:\/\/xn--maeva-zambon-ditticienne-pfcb.fr\/#website\"},\"datePublished\":\"2022-04-12T14:57:10+00:00\",\"dateModified\":\"2023-09-01T15:05:20+00:00\",\"description\":\"Femme enceinte : Vous attendez un heureux \u00e9v\u00e9nement et vous souhaitez prendre soin de votre sant\u00e9 et de celle de votre b\u00e9b\u00e9 ?\",\"breadcrumb\":{\"@id\":\"https:\/\/xn--maeva-zambon-ditticienne-pfcb.fr\/index.php\/femme-enceinte\/#breadcrumb\"},\"inLanguage\":\"en-US\",\"potentialAction\":[{\"@type\":\"ReadAction\",\"target\":[\"https:\/\/xn--maeva-zambon-ditticienne-pfcb.fr\/index.php\/femme-enceinte\/\"]}]},{\"@type\":\"BreadcrumbList\",\"@id\":\"https:\/\/xn--maeva-zambon-ditticienne-pfcb.fr\/index.php\/femme-enceinte\/#breadcrumb\",\"itemListElement\":[{\"@type\":\"ListItem\",\"position\":1,\"name\":\"Home\",\"item\":\"https:\/\/xn--maeva-zambon-ditticienne-pfcb.fr\/\"},{\"@type\":\"ListItem\",\"position\":2,\"name\":\"Femme enceinte\"}]},{\"@type\":\"WebSite\",\"@id\":\"https:\/\/xn--maeva-zambon-ditticienne-pfcb.fr\/#website\",\"url\":\"https:\/\/xn--maeva-zambon-ditticienne-pfcb.fr\/\",\"name\":\"Di\u00e9t\u00e9ticienne\",\"description\":\"Maeva Zambon Di\u00e9t\u00e9ticienne-Nutritionniste \",\"potentialAction\":[{\"@type\":\"SearchAction\",\"target\":{\"@type\":\"EntryPoint\",\"urlTemplate\":\"https:\/\/xn--maeva-zambon-ditticienne-pfcb.fr\/?s={search_term_string}\"},\"query-input\":\"required name=search_term_string\"}],\"inLanguage\":\"en-US\"}]}<\/script>\n<!-- \/ Yoast SEO plugin. -->","yoast_head_json":{"title":"Femme enceinte - Di\u00e9t\u00e9ticienne","description":"Femme enceinte : Vous attendez un heureux \u00e9v\u00e9nement et vous souhaitez prendre soin de votre sant\u00e9 et de celle de votre b\u00e9b\u00e9 ?","robots":{"index":"index","follow":"follow","max-snippet":"max-snippet:-1","max-image-preview":"max-image-preview:large","max-video-preview":"max-video-preview:-1"},"canonical":"https:\/\/xn--maeva-zambon-ditticienne-pfcb.fr\/index.php\/femme-enceinte\/","og_locale":"en_US","og_type":"article","og_title":"Femme enceinte - Di\u00e9t\u00e9ticienne","og_description":"Femme enceinte : Vous attendez un heureux \u00e9v\u00e9nement et vous souhaitez prendre soin de votre sant\u00e9 et de celle de votre b\u00e9b\u00e9 ?","og_url":"https:\/\/xn--maeva-zambon-ditticienne-pfcb.fr\/index.php\/femme-enceinte\/","og_site_name":"Di\u00e9t\u00e9ticienne","article_modified_time":"2023-09-01T15:05:20+00:00","og_image":[{"url":"https:\/\/xn--maeva-zambon-ditticienne-pfcb.fr\/wp-content\/uploads\/2023\/08\/vegetarienne-et-enceinte-puis-je-poursuivre-mon-regime-lors-de-la-grossesse-jpeg.webp"}],"twitter_card":"summary_large_image","twitter_misc":{"Est. reading time":"2 minutes"},"schema":{"@context":"https:\/\/schema.org","@graph":[{"@type":"WebPage","@id":"https:\/\/xn--maeva-zambon-ditticienne-pfcb.fr\/index.php\/femme-enceinte\/","url":"https:\/\/xn--maeva-zambon-ditticienne-pfcb.fr\/index.php\/femme-enceinte\/","name":"Femme enceinte - Di\u00e9t\u00e9ticienne","isPartOf":{"@id":"https:\/\/xn--maeva-zambon-ditticienne-pfcb.fr\/#website"},"datePublished":"2022-04-12T14:57:10+00:00","dateModified":"2023-09-01T15:05:20+00:00","description":"Femme enceinte : Vous attendez un heureux \u00e9v\u00e9nement et vous souhaitez prendre soin de votre sant\u00e9 et de celle de votre b\u00e9b\u00e9 ?","breadcrumb":{"@id":"https:\/\/xn--maeva-zambon-ditticienne-pfcb.fr\/index.php\/femme-enceinte\/#breadcrumb"},"inLanguage":"en-US","potentialAction":[{"@type":"ReadAction","target":["https:\/\/xn--maeva-zambon-ditticienne-pfcb.fr\/index.php\/femme-enceinte\/"]}]},{"@type":"BreadcrumbList","@id":"https:\/\/xn--maeva-zambon-ditticienne-pfcb.fr\/index.php\/femme-enceinte\/#breadcrumb","itemListElement":[{"@type":"ListItem","position":1,"name":"Home","item":"https:\/\/xn--maeva-zambon-ditticienne-pfcb.fr\/"},{"@type":"ListItem","position":2,"name":"Femme enceinte"}]},{"@type":"WebSite","@id":"https:\/\/xn--maeva-zambon-ditticienne-pfcb.fr\/#website","url":"https:\/\/xn--maeva-zambon-ditticienne-pfcb.fr\/","name":"Di\u00e9t\u00e9ticienne","description":"Maeva Zambon Di\u00e9t\u00e9ticienne-Nutritionniste ","potentialAction":[{"@type":"SearchAction","target":{"@type":"EntryPoint","urlTemplate":"https:\/\/xn--maeva-zambon-ditticienne-pfcb.fr\/?s={search_term_string}"},"query-input":"required name=search_term_string"}],"inLanguage":"en-US"}]}},"_links":{"self":[{"href":"https:\/\/xn--maeva-zambon-ditticienne-pfcb.fr\/index.php\/wp-json\/wp\/v2\/pages\/254","targetHints":{"allow":["GET"]}}],"collection":[{"href":"https:\/\/xn--maeva-zambon-ditticienne-pfcb.fr\/index.php\/wp-json\/wp\/v2\/pages"}],"about":[{"href":"https:\/\/xn--maeva-zambon-ditticienne-pfcb.fr\/index.php\/wp-json\/wp\/v2\/types\/page"}],"author":[{"embeddable":true,"href":"https:\/\/xn--maeva-zambon-ditticienne-pfcb.fr\/index.php\/wp-json\/wp\/v2\/users\/1"}],"replies":[{"embeddable":true,"href":"https:\/\/xn--maeva-zambon-ditticienne-pfcb.fr\/index.php\/wp-json\/wp\/v2\/comments?post=254"}],"version-history":[{"count":13,"href":"https:\/\/xn--maeva-zambon-ditticienne-pfcb.fr\/index.php\/wp-json\/wp\/v2\/pages\/254\/revisions"}],"predecessor-version":[{"id":1619,"href":"https:\/\/xn--maeva-zambon-ditticienne-pfcb.fr\/index.php\/wp-json\/wp\/v2\/pages\/254\/revisions\/1619"}],"wp:attachment":[{"href":"https:\/\/xn--maeva-zambon-ditticienne-pfcb.fr\/index.php\/wp-json\/wp\/v2\/media?parent=254"}],"curies":[{"name":"wp","href":"https:\/\/api.w.org\/{rel}","templated":true}]}}